CRAN Package Check Results for Package malan

Last updated on 2021-12-06 23:50:51 CET.

Flavor Version Tinstall Tcheck Ttotal Status Flags
r-devel-linux-x86_64-debian-clang 1.0.2 292.66 100.18 392.84 OK
r-devel-linux-x86_64-debian-gcc 1.0.2 240.00 76.76 316.76 OK
r-devel-linux-x86_64-fedora-clang 1.0.2 614.79 NOTE
r-devel-linux-x86_64-fedora-gcc 1.0.2 542.35 OK
r-devel-windows-x86_64-new-UL 1.0.2 385.00 184.00 569.00 OK
r-devel-windows-x86_64-new-TK 1.0.2 OK
r-devel-windows-x86_64-old 1.0.2 390.00 110.00 500.00 OK
r-patched-linux-x86_64 1.0.2 280.98 88.55 369.53 OK
r-release-linux-x86_64 1.0.2 265.46 96.01 361.47 OK
r-release-macos-arm64 1.0.2 NOTE
r-release-macos-x86_64 1.0.2 NOTE
r-release-windows-ix86+x86_64 1.0.2 777.00 172.00 949.00 OK
r-oldrel-macos-x86_64 1.0.2 NOTE
r-oldrel-windows-ix86+x86_64 1.0.2 777.00 176.00 953.00 OK

Check Details

Version: 1.0.2
Check: installed package size
Result: NOTE
     installed size is 10.5Mb
     sub-directories of 1Mb or more:
     libs 9.5Mb
Flavors: r-devel-linux-x86_64-fedora-clang, r-release-macos-arm64, r-release-macos-x86_64, r-oldrel-macos-x86_64