CRAN Package Check Results for Package mailR

Last updated on 2021-07-25 07:50:07 CEST.

Flavor Version Tinstall Tcheck Ttotal Status Flags
r-devel-linux-x86_64-debian-clang 0.4.1 3.63 38.50 42.13 OK
r-devel-linux-x86_64-debian-gcc 0.4.1 3.16 29.66 32.82 OK
r-devel-linux-x86_64-fedora-clang 0.4.1 61.56 OK
r-devel-linux-x86_64-fedora-gcc 0.4.1 51.46 OK
r-devel-windows-x86_64 0.4.1 6.00 47.00 53.00 OK
r-devel-windows-x86_64-gcc10-UCRT 0.4.1 OK
r-patched-linux-x86_64 0.4.1 3.87 36.95 40.82 OK
r-patched-solaris-x86 0.4.1 85.20 OK
r-release-linux-x86_64 0.4.1 3.87 37.07 40.94 OK
r-release-macos-arm64 0.4.1 ERROR
r-release-macos-x86_64 0.4.1 OK
r-release-windows-ix86+x86_64 0.4.1 10.00 43.00 53.00 OK
r-oldrel-macos-x86_64 0.4.1 OK
r-oldrel-windows-ix86+x86_64 0.4.1 11.00 42.00 53.00 OK

Check Details

Version: 0.4.1
Check: whether package can be installed
Result: ERROR
    Installation failed.
Flavor: r-release-macos-arm64