CRAN Package Check Results for Package maic

Last updated on 2023-12-07 02:51:19 CET.

Flavor Version Tinstall Tcheck Ttotal Status Flags
r-devel-linux-x86_64-debian-clang 0.1.4 3.28 43.30 46.58 NOTE
r-devel-linux-x86_64-debian-gcc 0.1.4 2.59 33.04 35.63 NOTE
r-devel-linux-x86_64-fedora-clang 0.1.4 58.68 NOTE
r-devel-linux-x86_64-fedora-gcc 0.1.4 55.02 NOTE
r-devel-windows-x86_64 0.1.4 5.00 58.00 63.00 NOTE
r-patched-linux-x86_64 0.1.4 9.41 42.00 51.41 NOTE
r-release-linux-x86_64 0.1.4 2.49 41.33 43.82 NOTE
r-release-macos-arm64 0.1.4 24.00 NOTE
r-release-macos-x86_64 0.1.4 31.00 NOTE
r-release-windows-x86_64 0.1.4 5.00 61.00 66.00 NOTE
r-oldrel-macos-arm64 0.1.4 23.00 OK
r-oldrel-macos-x86_64 0.1.4 30.00 OK
r-oldrel-windows-x86_64 0.1.4 6.00 62.00 68.00 OK

Check Details

Version: 0.1.4
Check: package subdirectories
Result: NOTE Problems with news in ‘NEWS.md’: No news entries found. Flavors: r-devel-linux-x86_64-debian-clang, r-devel-linux-x86_64-debian-gcc, r-devel-linux-x86_64-fedora-clang, r-devel-linux-x86_64-fedora-gcc, r-devel-windows-x86_64, r-patched-linux-x86_64, r-release-linux-x86_64, r-release-macos-arm64, r-release-macos-x86_64, r-release-windows-x86_64