Last updated on 2023-02-04 04:53:56 CET.
Flavor | Version | Tinstall | Tcheck | Ttotal | Status | Flags |
---|---|---|---|---|---|---|
r-devel-linux-x86_64-debian-clang | 0.1.4 | 3.04 | 42.86 | 45.90 | NOTE | |
r-devel-linux-x86_64-debian-gcc | 0.1.4 | 2.11 | 32.21 | 34.32 | NOTE | |
r-devel-linux-x86_64-fedora-clang | 0.1.4 | 57.90 | NOTE | |||
r-devel-linux-x86_64-fedora-gcc | 0.1.4 | 56.11 | NOTE | |||
r-devel-windows-x86_64 | 0.1.4 | 12.00 | 70.00 | 82.00 | NOTE | |
r-patched-linux-x86_64 | 0.1.4 | 10.27 | 42.08 | 52.35 | OK | |
r-release-linux-x86_64 | 0.1.4 | 3.21 | 42.01 | 45.22 | OK | |
r-release-macos-arm64 | 0.1.4 | 23.00 | OK | |||
r-release-macos-x86_64 | 0.1.4 | 30.00 | OK | |||
r-release-windows-x86_64 | 0.1.4 | 11.00 | 75.00 | 86.00 | OK | |
r-oldrel-macos-arm64 | 0.1.4 | 23.00 | OK | |||
r-oldrel-macos-x86_64 | 0.1.4 | 31.00 | OK | |||
r-oldrel-windows-ix86+x86_64 | 0.1.4 | 9.00 | 70.00 | 79.00 | OK |
Version: 0.1.4
Check: package subdirectories
Result: NOTE
Problems with news in ‘NEWS.md’:
No news entries found.
Flavors: r-devel-linux-x86_64-debian-clang, r-devel-linux-x86_64-debian-gcc, r-devel-linux-x86_64-fedora-clang, r-devel-linux-x86_64-fedora-gcc, r-devel-windows-x86_64