CRAN Package Check Results for Package magick

Last updated on 2022-05-16 01:51:02 CEST.

Flavor Version Tinstall Tcheck Ttotal Status Flags
r-devel-linux-x86_64-debian-clang 2.7.3 145.29 264.75 410.04 OK
r-devel-linux-x86_64-debian-gcc 2.7.3 109.95 215.05 325.00 OK
r-devel-linux-x86_64-fedora-clang 2.7.3 557.15 NOTE
r-devel-linux-x86_64-fedora-gcc 2.7.3 453.19 OK
r-devel-windows-x86_64 2.7.3 179.00 402.00 581.00 NOTE
r-patched-linux-x86_64 2.7.3 130.82 217.94 348.76 OK
r-release-linux-x86_64 2.7.3 122.57 212.90 335.47 OK
r-release-macos-arm64 2.7.3 110.00 NOTE
r-release-macos-x86_64 2.7.3 193.00 NOTE
r-release-windows-x86_64 2.7.3 198.00 397.00 595.00 NOTE
r-oldrel-macos-arm64 2.7.3 132.00 NOTE
r-oldrel-macos-x86_64 2.7.3 174.00 NOTE
r-oldrel-windows-ix86+x86_64 2.7.3 392.00 457.00 849.00 NOTE

Check Details

Version: 2.7.3
Check: installed package size
Result: NOTE
     installed size is 11.7Mb
     sub-directories of 1Mb or more:
     doc 6.6Mb
     libs 4.7Mb
Flavors: r-devel-linux-x86_64-fedora-clang, r-devel-windows-x86_64, r-release-macos-arm64, r-release-macos-x86_64, r-release-windows-x86_64, r-oldrel-macos-arm64, r-oldrel-macos-x86_64, r-oldrel-windows-ix86+x86_64

Version: 2.7.3
Check: package dependencies
Result: NOTE
    Packages suggested but not available for checking: 'pdftools', 'tesseract'
Flavor: r-release-macos-x86_64

Version: 2.7.3
Check: Rd cross-references
Result: NOTE
    Packages unavailable to check Rd xrefs: ‘pdftools’, ‘tesseract’
Flavor: r-release-macos-x86_64