CRAN Package Check Results for Package magick

Last updated on 2021-08-05 08:51:24 CEST.

Flavor Version Tinstall Tcheck Ttotal Status Flags
r-devel-linux-x86_64-debian-clang 2.7.2 159.45 238.31 397.76 OK
r-devel-linux-x86_64-debian-gcc 2.7.2 95.32 175.13 270.45 OK
r-devel-linux-x86_64-fedora-clang 2.7.2 534.41 NOTE
r-devel-linux-x86_64-fedora-gcc 2.7.2 439.60 OK
r-devel-windows-x86_64 2.7.2 207.00 274.00 481.00 NOTE
r-devel-windows-x86_64-gcc10-UCRT 2.7.2 ERROR
r-patched-linux-x86_64 2.7.2 126.31 192.59 318.90 OK
r-patched-solaris-x86 2.7.2 285.70 WARN
r-release-linux-x86_64 2.7.2 120.14 192.53 312.67 OK
r-release-macos-arm64 2.7.2 ERROR
r-release-macos-x86_64 2.7.2 NOTE
r-release-windows-ix86+x86_64 2.7.2 380.00 448.00 828.00 NOTE
r-oldrel-macos-x86_64 2.7.2 NOTE
r-oldrel-windows-ix86+x86_64 2.7.2 307.00 436.00 743.00 NOTE

Check Details

Version: 2.7.2
Check: installed package size
Result: NOTE
     installed size is 13.6Mb
     sub-directories of 1Mb or more:
     doc 6.6Mb
     libs 6.6Mb
Flavors: r-devel-linux-x86_64-fedora-clang, r-devel-windows-x86_64, r-patched-solaris-x86, r-release-macos-arm64, r-release-macos-x86_64, r-release-windows-ix86+x86_64, r-oldrel-macos-x86_64, r-oldrel-windows-ix86+x86_64

Version: 2.7.2
Check: package dependencies
Result: NOTE
    Packages suggested but not available for checking:
     'ggplot2', 'gapminder', 'IRdisplay'
Flavor: r-devel-windows-x86_64-gcc10-UCRT

Version: 2.7.2
Check: Rd cross-references
Result: NOTE
    Package unavailable to check Rd xrefs: 'ggplot2'
Flavor: r-devel-windows-x86_64-gcc10-UCRT

Version: 2.7.2
Check: examples
Result: ERROR
    Running examples in 'magick-Ex.R' failed
    The error most likely occurred in:
    
    > ### Name: device
    > ### Title: Magick Graphics Device
    > ### Aliases: device image_graph image_device image_draw image_capture
    >
    > ### ** Examples
    >
    > # Regular image
    > frink <- image_read("https://jeroen.github.io/images/frink.png")
    >
    > # Produce image using graphics device
    > fig <- image_graph(res = 96)
    > ggplot2::qplot(mpg, wt, data = mtcars, colour = cyl)
    Error in loadNamespace(x) : there is no package called 'ggplot2'
    Calls: loadNamespace -> withRestarts -> withOneRestart -> doWithOneRestart
    Execution halted
Flavor: r-devel-windows-x86_64-gcc10-UCRT

Version: 2.7.2
Check: re-building of vignette outputs
Result: WARN
    Error(s) in re-building vignettes:
    --- re-building 'intro.Rmd' using rmarkdown
    Linking to librsvg 2.48.8
    Using poppler version 21.04.0
    Quitting from lines 415-419 (intro.Rmd)
    Error: processing vignette 'intro.Rmd' failed with diagnostics:
    there is no package called 'ggplot2'
    --- failed re-building 'intro.Rmd'
    
    SUMMARY: processing the following file failed:
     'intro.Rmd'
    
    Error: Vignette re-building failed.
    Execution halted
Flavor: r-devel-windows-x86_64-gcc10-UCRT

Version: 2.7.2
Check: package dependencies
Result: NOTE
    Packages suggested but not available for checking:
     'av', 'rsvg', 'tesseract', 'gifski'
Flavor: r-patched-solaris-x86

Version: 2.7.2
Check: re-building of vignette outputs
Result: WARN
    Error(s) in re-building vignettes:
     ...
    --- re-building ‘intro.Rmd’ using rmarkdown
    Warning in engine$weave(file, quiet = quiet, encoding = enc) :
     Pandoc (>= 1.12.3) not available. Falling back to R Markdown v1.
    Quitting from lines 227-236 (intro.Rmd)
    Error: processing vignette 'intro.Rmd' failed with diagnostics:
    R: non-conforming drawing primitive definition `text' @ error/draw.c/RenderMVGContent/4372
    --- failed re-building ‘intro.Rmd’
    
    SUMMARY: processing the following file failed:
     ‘intro.Rmd’
    
    Error: Vignette re-building failed.
    Execution halted
Flavor: r-patched-solaris-x86

Version: 2.7.2
Check: examples
Result: ERROR
    Running examples in ‘magick-Ex.R’ failed
    The error most likely occurred in:
    
    > ### Name: autoviewer
    > ### Title: RStudio Graphics AutoViewer
    > ### Aliases: autoviewer autoviewer_enable autoviewer_disable
    >
    > ### ** Examples
    >
    > # Only has effect in RStudio (or other GUI with a viewer):
    > autoviewer_enable()
    >
    > img <- magick::image_graph()
    > plot(1)
    Error in graphics::mtext(sprintf("help(\"%s\")", nameEx()), side = 4, :
     R: UnableToReadFont `helvetica' @ error/annotate.c/RenderFreetype/1396
    Error in axis(side = side, at = at, labels = labels, ...) :
     R: UnableToReadFont `helvetica' @ error/annotate.c/RenderFreetype/1396
    Calls: plot ... plot.default -> localAxis -> Axis -> Axis.default -> axis
    Execution halted
Flavor: r-release-macos-arm64

Version: 2.7.2
Check: re-building of vignette outputs
Result: WARN
    Error(s) in re-building vignettes:
     ...
    --- re-building ‘intro.Rmd’ using rmarkdown
    Warning in engine$weave(file, quiet = quiet, encoding = enc) :
     Pandoc (>= 1.12.3) not available. Falling back to R Markdown v1.
    Linking to librsvg 2.50.3
    Fontconfig error: Cannot load default config file
    Quitting from lines 227-236 (intro.Rmd)
    Error: processing vignette 'intro.Rmd' failed with diagnostics:
    R: NonconformingDrawingPrimitiveDefinition `text' @ error/draw.c/RenderMVGContent/4405
    --- failed re-building ‘intro.Rmd’
    
    SUMMARY: processing the following file failed:
     ‘intro.Rmd’
    
    Error: Vignette re-building failed.
    Execution halted
Flavor: r-release-macos-arm64