CRAN Package Check Results for Package magi

Last updated on 2022-08-08 09:50:43 CEST.

Flavor Version Tinstall Tcheck Ttotal Status Flags
r-devel-linux-x86_64-debian-clang 1.1.5 380.69 178.58 559.27 OK
r-devel-linux-x86_64-debian-gcc 1.1.5 336.52 130.75 467.27 OK
r-devel-linux-x86_64-fedora-clang 1.1.5 852.83 OK
r-devel-linux-x86_64-fedora-gcc 1.1.5 789.88 OK
r-devel-windows-x86_64 1.1.5 296.00 232.00 528.00 OK
r-patched-linux-x86_64 1.1.5 348.85 168.37 517.22 OK
r-release-linux-x86_64 1.1.5 OK
r-release-macos-arm64 1.1.5 176.00 NOTE
r-release-macos-x86_64 1.1.5 249.00 NOTE
r-release-windows-x86_64 1.1.5 302.00 254.00 556.00 OK
r-oldrel-macos-arm64 1.1.5 198.00 NOTE
r-oldrel-macos-x86_64 1.1.5 263.00 NOTE
r-oldrel-windows-ix86+x86_64 1.1.5 965.00 463.00 1428.00 NOTE

Check Details

Version: 1.1.5
Check: installed package size
Result: NOTE
     installed size is 28.8Mb
     sub-directories of 1Mb or more:
     libs 27.3Mb
Flavors: r-release-macos-arm64, r-release-macos-x86_64, r-oldrel-macos-arm64, r-oldrel-macos-x86_64, r-oldrel-windows-ix86+x86_64