CRAN Package Check Results for Package mRMRe

Last updated on 2022-07-06 05:54:06 CEST.

Flavor Version Tinstall Tcheck Ttotal Status Flags
r-devel-linux-x86_64-debian-clang 2.1.2 17.28 100.26 117.54 OK
r-devel-linux-x86_64-debian-gcc 2.1.2 11.72 74.82 86.54 OK
r-devel-linux-x86_64-fedora-clang 2.1.2 155.02 OK
r-devel-linux-x86_64-fedora-gcc 2.1.2 149.30 OK
r-devel-windows-x86_64 2.1.2 37.00 156.00 193.00 OK
r-patched-linux-x86_64 2.1.2 13.10 94.52 107.62 WARN
r-release-linux-x86_64 2.1.2 14.94 94.77 109.71 WARN
r-release-macos-arm64 2.1.2 48.00 OK
r-release-macos-x86_64 2.1.2 67.00 OK
r-release-windows-x86_64 2.1.2 39.00 155.00 194.00 WARN
r-oldrel-macos-arm64 2.1.2 70.00 OK
r-oldrel-macos-x86_64 2.1.2 66.00 OK
r-oldrel-windows-ix86+x86_64 2.1.2 38.00 173.00 211.00 WARN

Check Details

Version: 2.1.2
Check: data for ASCII and uncompressed saves
Result: WARN
    
     Note: significantly better compression could be obtained
     by using R CMD build --resave-data
     old_size new_size compress
     cgps.rda 1.5Mb 1.4Mb xz
Flavors: r-patched-linux-x86_64, r-release-linux-x86_64, r-release-windows-x86_64, r-oldrel-windows-ix86+x86_64