CRAN Package Check Results for Package mQTL

Last updated on 2021-09-23 16:50:32 CEST.

Flavor Version Tinstall Tcheck Ttotal Status Flags
r-devel-linux-x86_64-debian-clang 1.0 5.64 47.85 53.49 NOTE
r-devel-linux-x86_64-debian-gcc 1.0 4.30 35.58 39.88 NOTE
r-devel-linux-x86_64-fedora-clang 1.0 71.37 NOTE
r-devel-linux-x86_64-fedora-gcc 1.0 60.75 NOTE
r-devel-windows-x86_64 1.0 7.00 48.00 55.00 NOTE
r-devel-windows-x86_64-gcc10-UCRT 1.0 NOTE
r-patched-linux-x86_64 1.0 5.46 45.95 51.41 NOTE
r-patched-solaris-x86 1.0 80.20 NOTE
r-release-linux-x86_64 1.0 5.30 46.76 52.06 NOTE
r-release-macos-arm64 1.0 NOTE
r-release-macos-x86_64 1.0 NOTE
r-release-windows-ix86+x86_64 1.0 10.00 45.00 55.00 NOTE
r-oldrel-macos-x86_64 1.0 NOTE
r-oldrel-windows-ix86+x86_64 1.0 31.00 47.00 78.00 NOTE

Check Details

Version: 1.0
Check: R code for possible problems
Result: NOTE
    ppersp: no visible global function definition for 'colorRampPalette'
    Undefined global functions or variables:
     colorRampPalette
    Consider adding
     importFrom("grDevices", "colorRampPalette")
    to your NAMESPACE file.
Flavors: r-devel-linux-x86_64-debian-clang, r-devel-linux-x86_64-debian-gcc, r-devel-linux-x86_64-fedora-clang, r-devel-linux-x86_64-fedora-gcc, r-devel-windows-x86_64, r-devel-windows-x86_64-gcc10-UCRT, r-patched-linux-x86_64, r-patched-solaris-x86, r-release-linux-x86_64, r-release-macos-arm64, r-release-macos-x86_64, r-release-windows-ix86+x86_64, r-oldrel-macos-x86_64, r-oldrel-windows-ix86+x86_64

Version: 1.0
Check: LazyData
Result: NOTE
     'LazyData' is specified without a 'data' directory
Flavors: r-devel-linux-x86_64-debian-clang, r-devel-linux-x86_64-debian-gcc, r-devel-linux-x86_64-fedora-clang, r-devel-linux-x86_64-fedora-gcc, r-devel-windows-x86_64, r-devel-windows-x86_64-gcc10-UCRT, r-patched-linux-x86_64, r-patched-solaris-x86, r-release-linux-x86_64, r-release-macos-arm64, r-release-macos-x86_64, r-release-windows-ix86+x86_64