CRAN Package Check Results for Package mHMMbayes

Last updated on 2022-08-15 09:49:34 CEST.

Flavor Version Tinstall Tcheck Ttotal Status Flags
r-devel-linux-x86_64-debian-clang 0.1.1 10.31 195.98 206.29 NOTE
r-devel-linux-x86_64-debian-gcc 0.1.1 9.51 142.70 152.21 NOTE
r-devel-linux-x86_64-fedora-clang 0.1.1 251.38 NOTE
r-devel-linux-x86_64-fedora-gcc 0.1.1 257.02 NOTE
r-devel-windows-x86_64 0.1.1 28.00 223.00 251.00 NOTE
r-patched-linux-x86_64 0.1.1 9.51 183.62 193.13 OK
r-release-linux-x86_64 0.1.1 10.17 184.30 194.47 OK
r-release-macos-arm64 0.1.1 90.00 OK
r-release-macos-x86_64 0.1.1 100.00 OK
r-release-windows-x86_64 0.1.1 31.00 216.00 247.00 OK
r-oldrel-macos-arm64 0.1.1 77.00 OK
r-oldrel-macos-x86_64 0.1.1 111.00 OK
r-oldrel-windows-ix86+x86_64 0.1.1 24.00 230.00 254.00 OK

Check Details

Version: 0.1.1
Check: Rd files
Result: NOTE
    checkRd: (-1) mHMM.Rd:423: Escaped LaTeX specials: \&
Flavors: r-devel-linux-x86_64-debian-clang, r-devel-linux-x86_64-debian-gcc, r-devel-linux-x86_64-fedora-clang, r-devel-linux-x86_64-fedora-gcc, r-devel-windows-x86_64