CRAN Package Check Results for Package mExplorer

Last updated on 2021-12-07 23:54:35 CET.

Flavor Version Tinstall Tcheck Ttotal Status Flags
r-devel-linux-x86_64-debian-clang 1.0.0 1.92 37.51 39.43 OK
r-devel-linux-x86_64-debian-gcc 1.0.0 1.72 29.61 31.33 OK
r-devel-linux-x86_64-fedora-clang 1.0.0 49.61 OK
r-devel-linux-x86_64-fedora-gcc 1.0.0 38.18 OK
r-devel-windows-x86_64-new-UL 1.0.0 7.00 67.00 74.00 OK
r-devel-windows-x86_64-new-TK 1.0.0 OK
r-devel-windows-x86_64-old 1.0.0 5.00 36.00 41.00 OK
r-patched-linux-x86_64 1.0.0 2.24 34.22 36.46 OK
r-release-linux-x86_64 1.0.0 1.82 34.26 36.08 OK
r-release-macos-arm64 1.0.0 ERROR
r-release-macos-x86_64 1.0.0 OK
r-release-windows-ix86+x86_64 1.0.0 5.00 44.00 49.00 OK
r-oldrel-macos-x86_64 1.0.0 OK
r-oldrel-windows-ix86+x86_64 1.0.0 5.00 44.00 49.00 OK

Check Details

Version: 1.0.0
Check: package dependencies
Result: ERROR
    Package required but not available: ‘qusage’
    
    See section ‘The DESCRIPTION file’ in the ‘Writing R Extensions’
    manual.
Flavor: r-release-macos-arm64