CRAN Package Check Results for Package m2r

Last updated on 2021-06-20 09:49:55 CEST.

Flavor Version Tinstall Tcheck Ttotal Status Flags
r-devel-linux-x86_64-debian-clang 1.0.2 32.19 71.58 103.77 NOTE
r-devel-linux-x86_64-debian-gcc 1.0.2 21.88 53.06 74.94 NOTE
r-devel-linux-x86_64-fedora-clang 1.0.2 141.29 NOTE
r-devel-linux-x86_64-fedora-gcc 1.0.2 121.29 NOTE
r-devel-windows-x86_64 1.0.2 42.00 103.00 145.00 NOTE
r-devel-windows-x86_64-gcc10-UCRT 1.0.2 ERROR
r-patched-linux-x86_64 1.0.2 28.70 66.47 95.17 NOTE
r-patched-solaris-x86 1.0.2 151.90 NOTE
r-release-linux-x86_64 1.0.2 23.78 66.14 89.92 NOTE
r-release-macos-arm64 1.0.2 NOTE
r-release-macos-x86_64 1.0.2 NOTE
r-release-windows-ix86+x86_64 1.0.2 74.00 127.00 201.00 NOTE
r-oldrel-macos-x86_64 1.0.2 OK
r-oldrel-windows-ix86+x86_64 1.0.2 57.00 129.00 186.00 OK

Check Details

Version: 1.0.2
Check: LazyData
Result: NOTE
     'LazyData' is specified without a 'data' directory
Flavors: r-devel-linux-x86_64-debian-clang, r-devel-linux-x86_64-debian-gcc, r-devel-linux-x86_64-fedora-clang, r-devel-linux-x86_64-fedora-gcc, r-devel-windows-x86_64, r-patched-linux-x86_64, r-patched-solaris-x86, r-release-linux-x86_64, r-release-macos-arm64, r-release-macos-x86_64, r-release-windows-ix86+x86_64

Version: 1.0.2
Check: package dependencies
Result: ERROR
    Package required but not available: 'usethis'
    
    See section 'The DESCRIPTION file' in the 'Writing R Extensions'
    manual.
Flavor: r-devel-windows-x86_64-gcc10-UCRT