CRAN Package Check Results for Package lubridate

Last updated on 2021-06-12 09:53:52 CEST.

Flavor Version Tinstall Tcheck Ttotal Status Flags
r-devel-linux-x86_64-debian-clang 1.7.10 46.56 96.09 142.65 OK
r-devel-linux-x86_64-debian-gcc 1.7.10 29.02 71.88 100.90 OK
r-devel-linux-x86_64-fedora-clang 1.7.10 184.94 OK
r-devel-linux-x86_64-fedora-gcc 1.7.10 167.86 OK
r-devel-windows-x86_64 1.7.10 60.00 135.00 195.00 OK
r-devel-windows-x86_64-gcc10-UCRT 1.7.10 OK
r-patched-linux-x86_64 1.7.10 37.25 93.65 130.90 OK
r-patched-solaris-x86 1.7.10 187.40 OK
r-release-linux-x86_64 1.7.10 35.04 93.45 128.49 OK
r-release-macos-arm64 1.7.10 ERROR
r-release-macos-x86_64 1.7.10 OK
r-release-windows-ix86+x86_64 1.7.10 83.00 188.00 271.00 OK
r-oldrel-macos-x86_64 1.7.10 OK
r-oldrel-windows-ix86+x86_64 1.7.10 76.00 192.00 268.00 OK

Check Details

Version: 1.7.10
Check: tests
Result: ERROR
     Running ‘testthat.R’ [8s/8s]
    Running the tests in ‘tests/testthat.R’ failed.
    Last 13 lines of output:
    
     date, intersect, setdiff, union
    
     ══ Skipped tests ═══════════════════════════════════════════════════════════════
     • Fixm ymd_hms OSz parsing (2)
     • On CRAN (6)
    
     ══ Failed tests ════════════════════════════════════════════════════════════════
     ── Failure (test-round.R:347:3): round_date does not round dates that are already on a boundary ──
     round_date(as.Date("2012-09-27"), "day") not equal to as.Date("2012-09-27").
     Mean relative difference: 6.40574e-05
    
     [ FAIL 1 | WARN 0 | SKIP 8 | PASS 2678 ]
     Error: Test failures
     Execution halted
Flavor: r-release-macos-arm64