CRAN Package Check Results for Package ltsspca

Last updated on 2021-06-16 21:51:47 CEST.

Flavor Version Tinstall Tcheck Ttotal Status Flags
r-devel-linux-x86_64-debian-clang 0.1.0 106.64 168.62 275.26 OK
r-devel-linux-x86_64-debian-gcc 0.1.0 63.66 125.62 189.28 OK
r-devel-linux-x86_64-fedora-clang 0.1.0 343.13 NOTE
r-devel-linux-x86_64-fedora-gcc 0.1.0 319.38 OK
r-devel-windows-x86_64 0.1.0 115.00 233.00 348.00 OK
r-devel-windows-x86_64-gcc10-UCRT 0.1.0 OK
r-patched-linux-x86_64 0.1.0 76.57 165.28 241.85 OK
r-patched-solaris-x86 0.1.0 420.20 OK
r-release-linux-x86_64 0.1.0 76.39 159.72 236.11 OK
r-release-macos-arm64 0.1.0 NOTE
r-release-macos-x86_64 0.1.0 OK
r-release-windows-ix86+x86_64 0.1.0 222.00 237.00 459.00 OK
r-oldrel-macos-x86_64 0.1.0 OK
r-oldrel-windows-ix86+x86_64 0.1.0 166.00 240.00 406.00 OK

Check Details

Version: 0.1.0
Check: installed package size
Result: NOTE
     installed size is 5.5Mb
     sub-directories of 1Mb or more:
     libs 5.0Mb
Flavors: r-devel-linux-x86_64-fedora-clang, r-release-macos-arm64