CRAN Package Check Results for Package lspartition

Last updated on 2021-06-16 21:51:47 CEST.

Flavor Version Tinstall Tcheck Ttotal Status Flags
r-devel-linux-x86_64-debian-clang 0.4 13.95 95.84 109.79 NOTE
r-devel-linux-x86_64-debian-gcc 0.4 12.20 71.46 83.66 NOTE
r-devel-linux-x86_64-fedora-clang 0.4 139.83 NOTE
r-devel-linux-x86_64-fedora-gcc 0.4 127.00 NOTE
r-devel-windows-x86_64 0.4 21.00 113.00 134.00 NOTE
r-devel-windows-x86_64-gcc10-UCRT 0.4 NOTE
r-patched-linux-x86_64 0.4 18.34 90.27 108.61 NOTE
r-patched-solaris-x86 0.4 184.00 NOTE
r-release-linux-x86_64 0.4 13.17 89.53 102.70 NOTE
r-release-macos-arm64 0.4 NOTE
r-release-macos-x86_64 0.4 NOTE
r-release-windows-ix86+x86_64 0.4 23.00 109.00 132.00 NOTE
r-oldrel-macos-x86_64 0.4 OK
r-oldrel-windows-ix86+x86_64 0.4 22.00 112.00 134.00 OK

Check Details

Version: 0.4
Check: LazyData
Result: NOTE
     'LazyData' is specified without a 'data' directory
Flavors: r-devel-linux-x86_64-debian-clang, r-devel-linux-x86_64-debian-gcc, r-devel-linux-x86_64-fedora-clang, r-devel-linux-x86_64-fedora-gcc, r-devel-windows-x86_64, r-devel-windows-x86_64-gcc10-UCRT, r-patched-linux-x86_64, r-patched-solaris-x86, r-release-linux-x86_64, r-release-macos-arm64, r-release-macos-x86_64, r-release-windows-ix86+x86_64