Last updated on 2023-02-04 04:53:56 CET.
Flavor | Version | Tinstall | Tcheck | Ttotal | Status | Flags |
---|---|---|---|---|---|---|
r-devel-linux-x86_64-debian-clang | 0.4 | 14.87 | 103.78 | 118.65 | NOTE | |
r-devel-linux-x86_64-debian-gcc | 0.4 | 12.36 | 77.36 | 89.72 | NOTE | |
r-devel-linux-x86_64-fedora-clang | 0.4 | 156.34 | NOTE | |||
r-devel-linux-x86_64-fedora-gcc | 0.4 | 150.88 | NOTE | |||
r-devel-windows-x86_64 | 0.4 | 41.00 | 118.00 | 159.00 | NOTE | |
r-patched-linux-x86_64 | 0.4 | 20.68 | 100.99 | 121.67 | NOTE | |
r-release-linux-x86_64 | 0.4 | 17.73 | 97.84 | 115.57 | NOTE | |
r-release-macos-arm64 | 0.4 | 42.00 | NOTE | |||
r-release-macos-x86_64 | 0.4 | 76.00 | NOTE | |||
r-release-windows-x86_64 | 0.4 | 33.00 | 131.00 | 164.00 | NOTE | |
r-oldrel-macos-arm64 | 0.4 | 57.00 | NOTE | |||
r-oldrel-macos-x86_64 | 0.4 | 62.00 | NOTE | |||
r-oldrel-windows-ix86+x86_64 | 0.4 | 31.00 | 120.00 | 151.00 | NOTE |
Version: 0.4
Check: LazyData
Result: NOTE
'LazyData' is specified without a 'data' directory
Flavors: r-devel-linux-x86_64-debian-clang, r-devel-linux-x86_64-debian-gcc, r-devel-linux-x86_64-fedora-clang, r-devel-linux-x86_64-fedora-gcc, r-devel-windows-x86_64, r-patched-linux-x86_64, r-release-linux-x86_64, r-release-macos-arm64, r-release-macos-x86_64, r-release-windows-x86_64, r-oldrel-macos-arm64, r-oldrel-macos-x86_64, r-oldrel-windows-ix86+x86_64