Last updated on 2023-03-29 04:51:15 CEST.
Flavor | Version | Tinstall | Tcheck | Ttotal | Status | Flags |
---|---|---|---|---|---|---|
r-devel-linux-x86_64-debian-clang | 0.5.6 | 7.58 | 64.97 | 72.55 | NOTE | |
r-devel-linux-x86_64-debian-gcc | 0.5.6 | 5.71 | 48.60 | 54.31 | NOTE | |
r-devel-linux-x86_64-fedora-clang | 0.5.6 | 87.47 | NOTE | |||
r-devel-linux-x86_64-fedora-gcc | 0.5.6 | 90.33 | NOTE | |||
r-devel-windows-x86_64 | 0.5.6 | 18.00 | 0.00 | 18.00 | NOTE | |
r-patched-linux-x86_64 | 0.5.6 | 8.25 | 59.39 | 67.64 | NOTE | |
r-release-linux-x86_64 | 0.5.6 | 7.19 | 62.15 | 69.34 | NOTE | |
r-release-macos-arm64 | 0.5.6 | 31.00 | NOTE | |||
r-release-macos-x86_64 | 0.5.6 | 54.00 | NOTE | |||
r-release-windows-x86_64 | 0.5.6 | 18.00 | 87.00 | 105.00 | NOTE | |
r-oldrel-macos-arm64 | 0.5.6 | 38.00 | NOTE | |||
r-oldrel-macos-x86_64 | 0.5.6 | 42.00 | NOTE | |||
r-oldrel-windows-ix86+x86_64 | 0.5.6 | 20.00 | 86.00 | 106.00 | NOTE |
Version: 0.5.6
Check: LazyData
Result: NOTE
'LazyData' is specified without a 'data' directory
Flavors: r-devel-linux-x86_64-debian-clang, r-devel-linux-x86_64-debian-gcc, r-devel-linux-x86_64-fedora-clang, r-devel-linux-x86_64-fedora-gcc, r-devel-windows-x86_64, r-patched-linux-x86_64, r-release-linux-x86_64, r-release-macos-arm64, r-release-macos-x86_64, r-release-windows-x86_64, r-oldrel-macos-arm64, r-oldrel-macos-x86_64, r-oldrel-windows-ix86+x86_64