CRAN Package Check Results for Package longitudinalData

Last updated on 2021-09-18 05:02:36 CEST.

Flavor Version Tinstall Tcheck Ttotal Status Flags
r-devel-linux-x86_64-debian-clang 2.4.1 15.34 79.04 94.38 NOTE
r-devel-linux-x86_64-debian-gcc 2.4.1 10.74 60.46 71.20 NOTE
r-devel-linux-x86_64-fedora-clang 2.4.1 127.99 NOTE
r-devel-linux-x86_64-fedora-gcc 2.4.1 112.68 NOTE
r-devel-windows-x86_64 2.4.1 14.00 89.00 103.00 OK
r-devel-windows-x86_64-gcc10-UCRT 2.4.1 OK
r-patched-linux-x86_64 2.4.1 15.62 77.85 93.47 NOTE
r-patched-solaris-x86 2.4.1 138.60 NOTE
r-release-linux-x86_64 2.4.1 14.31 77.50 91.81 NOTE
r-release-macos-arm64 2.4.1 OK
r-release-macos-x86_64 2.4.1 OK
r-release-windows-ix86+x86_64 2.4.1 25.00 67.00 92.00 OK
r-oldrel-macos-x86_64 2.4.1 OK
r-oldrel-windows-ix86+x86_64 2.4.1 22.00 67.00 89.00 OK

Check Details

Version: 2.4.1
Check: for non-standard things in the check directory
Result: NOTE
    Found the following files/directories:
     'main.tex' 'scene.asy'
Flavors: r-devel-linux-x86_64-debian-clang, r-devel-linux-x86_64-debian-gcc, r-devel-linux-x86_64-fedora-clang, r-devel-linux-x86_64-fedora-gcc, r-patched-linux-x86_64, r-patched-solaris-x86, r-release-linux-x86_64