CRAN Package Check Results for Package logisticRR

Last updated on 2022-12-05 16:52:42 CET.

Flavor Version Tinstall Tcheck Ttotal Status Flags
r-devel-linux-x86_64-debian-clang 0.3.0 3.35 53.61 56.96 NOTE
r-devel-linux-x86_64-debian-gcc 0.3.0 2.82 39.23 42.05 NOTE
r-devel-linux-x86_64-fedora-clang 0.3.0 78.99 NOTE
r-devel-linux-x86_64-fedora-gcc 0.3.0 93.40 NOTE
r-devel-windows-x86_64 0.3.0 20.00 79.00 99.00 NOTE
r-patched-linux-x86_64 0.3.0 3.60 49.96 53.56 NOTE
r-release-linux-x86_64 0.3.0 3.98 49.67 53.65 NOTE
r-release-macos-arm64 0.3.0 23.00 NOTE
r-release-macos-x86_64 0.3.0 31.00 NOTE
r-release-windows-x86_64 0.3.0 20.00 87.00 107.00 NOTE
r-oldrel-macos-arm64 0.3.0 23.00 NOTE
r-oldrel-macos-x86_64 0.3.0 41.00 NOTE
r-oldrel-windows-ix86+x86_64 0.3.0 8.00 77.00 85.00 NOTE

Check Details

Version: 0.3.0
Check: LazyData
Result: NOTE
     'LazyData' is specified without a 'data' directory
Flavors: r-devel-linux-x86_64-debian-clang, r-devel-linux-x86_64-debian-gcc, r-devel-linux-x86_64-fedora-clang, r-devel-linux-x86_64-fedora-gcc, r-devel-windows-x86_64, r-patched-linux-x86_64, r-release-linux-x86_64, r-release-macos-arm64, r-release-macos-x86_64, r-release-windows-x86_64, r-oldrel-macos-arm64, r-oldrel-macos-x86_64, r-oldrel-windows-ix86+x86_64