CRAN Package Check Results for Package logisticRR

Last updated on 2022-05-22 02:49:06 CEST.

Flavor Version Tinstall Tcheck Ttotal Status Flags
r-devel-linux-x86_64-debian-clang 0.3.0 2.82 60.85 63.67 NOTE
r-devel-linux-x86_64-debian-gcc 0.3.0 2.73 44.57 47.30 NOTE
r-devel-linux-x86_64-fedora-clang 0.3.0 75.54 NOTE
r-devel-linux-x86_64-fedora-gcc 0.3.0 73.29 NOTE
r-devel-windows-x86_64 0.3.0 20.00 80.00 100.00 NOTE
r-patched-linux-x86_64 0.3.0 3.85 58.85 62.70 NOTE
r-release-linux-x86_64 0.3.0 3.06 57.33 60.39 NOTE
r-release-macos-arm64 0.3.0 23.00 NOTE
r-release-macos-x86_64 0.3.0 31.00 NOTE
r-release-windows-x86_64 0.3.0 23.00 79.00 102.00 NOTE
r-oldrel-macos-arm64 0.3.0 23.00 NOTE
r-oldrel-macos-x86_64 0.3.0 41.00 NOTE
r-oldrel-windows-ix86+x86_64 0.3.0 7.00 74.00 81.00 NOTE

Check Details

Version: 0.3.0
Check: LazyData
Result: NOTE
     'LazyData' is specified without a 'data' directory
Flavors: r-devel-linux-x86_64-debian-clang, r-devel-linux-x86_64-debian-gcc, r-devel-linux-x86_64-fedora-clang, r-devel-linux-x86_64-fedora-gcc, r-devel-windows-x86_64, r-patched-linux-x86_64, r-release-linux-x86_64, r-release-macos-arm64, r-release-macos-x86_64, r-release-windows-x86_64, r-oldrel-macos-arm64, r-oldrel-macos-x86_64, r-oldrel-windows-ix86+x86_64