CRAN Package Check Results for Package logisticPCA

Last updated on 2021-10-16 04:57:33 CEST.

Flavor Version Tinstall Tcheck Ttotal Status Flags
r-devel-linux-x86_64-debian-clang 0.2 4.31 56.50 60.81 OK
r-devel-linux-x86_64-debian-gcc 0.2 3.12 43.17 46.29 OK
r-devel-linux-x86_64-fedora-clang 0.2 83.25 NOTE
r-devel-linux-x86_64-fedora-gcc 0.2 71.73 NOTE
r-devel-windows-x86_64 0.2 5.00 75.00 80.00 OK
r-devel-windows-x86_64-gcc10-UCRT 0.2 OK
r-patched-linux-x86_64 0.2 4.40 54.40 58.80 OK
r-patched-solaris-x86 0.2 111.60 OK
r-release-linux-x86_64 0.2 3.98 54.29 58.27 OK
r-release-macos-arm64 0.2 OK
r-release-macos-x86_64 0.2 OK
r-release-windows-ix86+x86_64 0.2 10.00 103.00 113.00 OK
r-oldrel-macos-x86_64 0.2 OK
r-oldrel-windows-ix86+x86_64 0.2 10.00 107.00 117.00 OK

Check Details

Version: 0.2
Check: compiled code
Result: NOTE
    File ‘logisticPCA/libs/logisticPCA.so’:
     Found no calls to: ‘R_registerRoutines’, ‘R_useDynamicSymbols’
    
    It is good practice to register native routines and to disable symbol
    search.
    
    See ‘Writing portable packages’ in the ‘Writing R Extensions’ manual.
Flavors: r-devel-linux-x86_64-fedora-clang, r-devel-linux-x86_64-fedora-gcc