CRAN Package Check Results for Package logisticPCA

Last updated on 2021-07-29 19:52:28 CEST.

Flavor Version Tinstall Tcheck Ttotal Status Flags
r-devel-linux-x86_64-debian-clang 0.2 OK
r-devel-linux-x86_64-debian-gcc 0.2 3.16 42.96 46.12 OK
r-devel-linux-x86_64-fedora-clang 0.2 83.24 NOTE
r-devel-linux-x86_64-fedora-gcc 0.2 73.55 NOTE
r-devel-windows-x86_64 0.2 5.00 83.00 88.00 OK
r-devel-windows-x86_64-gcc10-UCRT 0.2 OK
r-patched-linux-x86_64 0.2 3.88 54.94 58.82 OK
r-patched-solaris-x86 0.2 112.70 OK
r-release-linux-x86_64 0.2 3.53 54.49 58.02 OK
r-release-macos-arm64 0.2 WARN
r-release-macos-x86_64 0.2 OK
r-release-windows-ix86+x86_64 0.2 10.00 96.00 106.00 OK
r-oldrel-macos-x86_64 0.2 OK
r-oldrel-windows-ix86+x86_64 0.2 8.00 96.00 104.00 OK

Check Details

Version: 0.2
Check: compiled code
Result: NOTE
    File ‘logisticPCA/libs/logisticPCA.so’:
     Found no calls to: ‘R_registerRoutines’, ‘R_useDynamicSymbols’
    
    It is good practice to register native routines and to disable symbol
    search.
    
    See ‘Writing portable packages’ in the ‘Writing R Extensions’ manual.
Flavors: r-devel-linux-x86_64-fedora-clang, r-devel-linux-x86_64-fedora-gcc

Version: 0.2
Check: re-building of vignette outputs
Result: WARN
    Error(s) in re-building vignettes:
     ...
    --- re-building ‘logisticPCA.Rmd’ using rmarkdown
    Warning in engine$weave(file, quiet = quiet, encoding = enc) :
     Pandoc (>= 1.12.3) not available. Falling back to R Markdown v1.
    Quitting from lines 112-114 (logisticPCA.Rmd)
    Error: processing vignette 'logisticPCA.Rmd' failed with diagnostics:
    polygon edge not found
    --- failed re-building ‘logisticPCA.Rmd’
    
    SUMMARY: processing the following file failed:
     ‘logisticPCA.Rmd’
    
    Error: Vignette re-building failed.
    Execution halted
Flavor: r-release-macos-arm64