CRAN Package Check Results for Package lodr

Last updated on 2024-06-17 06:50:22 CEST.

Flavor Version Tinstall Tcheck Ttotal Status Flags
r-devel-linux-x86_64-debian-clang 1.0 42.17 120.68 162.85 NOTE
r-devel-linux-x86_64-debian-gcc 1.0 29.20 66.05 95.25 NOTE
r-devel-linux-x86_64-fedora-clang 1.0 220.65 NOTE
r-devel-linux-x86_64-fedora-gcc 1.0 166.62 NOTE
r-devel-windows-x86_64 1.0 32.00 94.00 126.00 NOTE
r-patched-linux-x86_64 1.0 37.38 83.06 120.44 NOTE
r-release-linux-x86_64 1.0 37.58 81.20 118.78 NOTE
r-release-macos-arm64 1.0 41.00 NOTE
r-release-macos-x86_64 1.0 63.00 NOTE
r-release-windows-x86_64 1.0 29.00 96.00 125.00 NOTE
r-oldrel-macos-arm64 1.0 48.00 NOTE
r-oldrel-macos-x86_64 1.0 75.00 NOTE
r-oldrel-windows-x86_64 1.0 38.00 111.00 149.00 NOTE

Check Details

Version: 1.0
Check: C++ specification
Result: NOTE Specified C++11: please drop specification unless essential Flavors: r-devel-linux-x86_64-debian-clang, r-devel-linux-x86_64-debian-gcc, r-devel-linux-x86_64-fedora-clang, r-devel-linux-x86_64-fedora-gcc, r-devel-windows-x86_64, r-patched-linux-x86_64, r-release-linux-x86_64, r-release-macos-arm64, r-release-macos-x86_64, r-release-windows-x86_64, r-oldrel-macos-arm64, r-oldrel-macos-x86_64, r-oldrel-windows-x86_64