Last updated on 2022-07-03 05:49:53 CEST.
Flavor | Version | Tinstall | Tcheck | Ttotal | Status | Flags |
---|---|---|---|---|---|---|
r-devel-linux-x86_64-debian-clang | 0.1.1 | 16.53 | 162.47 | 179.00 | OK | |
r-devel-linux-x86_64-debian-gcc | 0.1.1 | 15.72 | 117.41 | 133.13 | OK | |
r-devel-linux-x86_64-fedora-clang | 0.1.1 | 223.16 | NOTE | |||
r-devel-linux-x86_64-fedora-gcc | 0.1.1 | 219.27 | NOTE | |||
r-devel-windows-x86_64 | 0.1.1 | 53.00 | 196.00 | 249.00 | OK | |
r-patched-linux-x86_64 | 0.1.1 | 15.41 | 149.96 | 165.37 | OK | |
r-release-linux-x86_64 | 0.1.1 | 15.52 | 148.29 | 163.81 | OK | |
r-release-macos-arm64 | 0.1.1 | 65.00 | NOTE | |||
r-release-macos-x86_64 | 0.1.1 | 125.00 | NOTE | |||
r-release-windows-x86_64 | 0.1.1 | 54.00 | 197.00 | 251.00 | OK | |
r-oldrel-macos-arm64 | 0.1.1 | 68.00 | NOTE | |||
r-oldrel-macos-x86_64 | 0.1.1 | 79.00 | NOTE | |||
r-oldrel-windows-ix86+x86_64 | 0.1.1 | 56.00 | 223.00 | 279.00 | OK |
Version: 0.1.1
Check: dependencies in R code
Result: NOTE
Namespace in Imports field not imported from: ‘lestat’
All declared Imports should be used.
Flavors: r-devel-linux-x86_64-fedora-clang, r-devel-linux-x86_64-fedora-gcc, r-release-macos-arm64, r-release-macos-x86_64, r-oldrel-macos-arm64, r-oldrel-macos-x86_64