Last updated on 2023-02-04 17:52:34 CET.
Flavor | Version | Tinstall | Tcheck | Ttotal | Status | Flags |
---|---|---|---|---|---|---|
r-devel-linux-x86_64-debian-clang | 0.41 | 8.23 | 50.62 | 58.85 | OK | |
r-devel-linux-x86_64-debian-gcc | 0.41 | 6.11 | 38.70 | 44.81 | OK | |
r-devel-linux-x86_64-fedora-clang | 0.41 | 79.49 | NOTE | |||
r-devel-linux-x86_64-fedora-gcc | 0.41 | 77.03 | NOTE | |||
r-devel-windows-x86_64 | 0.41 | 34.00 | 87.00 | 121.00 | OK | |
r-patched-linux-x86_64 | 0.41 | 8.15 | 50.54 | 58.69 | OK | |
r-release-linux-x86_64 | 0.41 | 9.05 | 49.74 | 58.79 | OK | |
r-release-macos-arm64 | 0.41 | 33.00 | OK | |||
r-release-macos-x86_64 | 0.41 | 46.00 | OK | |||
r-release-windows-x86_64 | 0.41 | 26.00 | 96.00 | 122.00 | OK | |
r-oldrel-macos-arm64 | 0.41 | 33.00 | OK | |||
r-oldrel-macos-x86_64 | 0.41 | 39.00 | OK | |||
r-oldrel-windows-ix86+x86_64 | 0.41 | 23.00 | 105.00 | 128.00 | OK |
Version: 0.41
Check: compiled code
Result: NOTE
File ‘localgauss/libs/localgauss.so’:
Found no calls to: ‘R_registerRoutines’, ‘R_useDynamicSymbols’
It is good practice to register native routines and to disable symbol
search.
See ‘Writing portable packages’ in the ‘Writing R Extensions’ manual.
Flavors: r-devel-linux-x86_64-fedora-clang, r-devel-linux-x86_64-fedora-gcc