CRAN Package Check Results for Package lobstr

Last updated on 2021-09-19 16:49:06 CEST.

Flavor Version Tinstall Tcheck Ttotal Status Flags
r-devel-linux-x86_64-debian-clang 1.1.1 35.62 33.50 69.12 NOTE
r-devel-linux-x86_64-debian-gcc 1.1.1 22.54 25.77 48.31 NOTE
r-devel-linux-x86_64-fedora-clang 1.1.1 107.05 NOTE
r-devel-linux-x86_64-fedora-gcc 1.1.1 83.74 NOTE
r-devel-windows-x86_64 1.1.1 36.00 62.00 98.00 NOTE
r-devel-windows-x86_64-gcc10-UCRT 1.1.1 ERROR
r-patched-linux-x86_64 1.1.1 26.15 31.95 58.10 NOTE
r-patched-solaris-x86 1.1.1 94.70 NOTE
r-release-linux-x86_64 1.1.1 29.09 32.08 61.17 NOTE
r-release-macos-arm64 1.1.1 NOTE
r-release-macos-x86_64 1.1.1 NOTE
r-release-windows-ix86+x86_64 1.1.1 88.00 61.00 149.00 NOTE
r-oldrel-macos-x86_64 1.1.1 OK
r-oldrel-windows-ix86+x86_64 1.1.1 85.00 63.00 148.00 OK

Additional issues

rchk

Check Details

Version: 1.1.1
Check: LazyData
Result: NOTE
     'LazyData' is specified without a 'data' directory
Flavors: r-devel-linux-x86_64-debian-clang, r-devel-linux-x86_64-debian-gcc, r-devel-linux-x86_64-fedora-clang, r-devel-linux-x86_64-fedora-gcc, r-devel-windows-x86_64, r-patched-linux-x86_64, r-patched-solaris-x86, r-release-linux-x86_64, r-release-macos-arm64, r-release-macos-x86_64, r-release-windows-ix86+x86_64

Version: 1.1.1
Check: whether package can be installed
Result: ERROR
    Installation failed.
Flavor: r-devel-windows-x86_64-gcc10-UCRT