CRAN Package Check Results for Package lme4

Last updated on 2022-12-06 04:51:50 CET.

Flavor Version Tinstall Tcheck Ttotal Status Flags
r-devel-linux-x86_64-debian-clang 1.1-31 104.01 599.56 703.57 OK
r-devel-linux-x86_64-debian-gcc 1.1-31 84.96 441.82 526.78 OK
r-devel-linux-x86_64-fedora-clang 1.1-31 880.46 NOTE
r-devel-linux-x86_64-fedora-gcc 1.1-31 945.63 OK
r-devel-windows-x86_64 1.1-31 242.00 560.00 802.00 NOTE
r-patched-linux-x86_64 1.1-31 104.49 564.12 668.61 OK
r-release-linux-x86_64 1.1-31 79.76 554.00 633.76 OK
r-release-macos-arm64 1.1-31 158.00 NOTE
r-release-macos-x86_64 1.1-31 302.00 NOTE
r-release-windows-x86_64 1.1-31 164.00 564.00 728.00 NOTE
r-oldrel-macos-arm64 1.1-31 161.00 NOTE
r-oldrel-macos-x86_64 1.1-31 298.00 NOTE
r-oldrel-windows-ix86+x86_64 1.1-31 234.00 739.00 973.00 NOTE

Check Details

Version: 1.1-31
Check: installed package size
Result: NOTE
     installed size is 6.0Mb
     sub-directories of 1Mb or more:
     R 1.5Mb
     doc 1.6Mb
     testdata 1.3Mb
Flavors: r-devel-linux-x86_64-fedora-clang, r-devel-windows-x86_64, r-release-macos-arm64, r-release-macos-x86_64, r-release-windows-x86_64, r-oldrel-macos-arm64, r-oldrel-macos-x86_64, r-oldrel-windows-ix86+x86_64