CRAN Package Check Results for Package liver

Last updated on 2021-09-21 16:51:31 CEST.

Flavor Version Tinstall Tcheck Ttotal Status Flags
r-devel-linux-x86_64-debian-clang 1.9 2.57 33.90 36.47 OK
r-devel-linux-x86_64-debian-gcc 1.9 2.40 26.44 28.84 OK
r-devel-linux-x86_64-fedora-clang 1.9 53.40 NOTE
r-devel-linux-x86_64-fedora-gcc 1.9 42.32 NOTE
r-devel-windows-x86_64 1.9 4.00 42.00 46.00 OK
r-devel-windows-x86_64-gcc10-UCRT 1.9 ERROR
r-patched-linux-x86_64 1.9 2.79 32.64 35.43 OK
r-patched-solaris-x86 1.9 57.90 NOTE
r-release-linux-x86_64 1.9 2.48 32.50 34.98 OK
r-release-macos-arm64 1.9 NOTE
r-release-macos-x86_64 1.9 NOTE
r-release-windows-ix86+x86_64 1.9 5.00 45.00 50.00 OK
r-oldrel-macos-x86_64 1.9 NOTE
r-oldrel-windows-ix86+x86_64 1.9 7.00 58.00 65.00 OK

Check Details

Version: 1.9
Check: data for non-ASCII characters
Result: NOTE
     Note: found 266 marked UTF-8 strings
Flavors: r-devel-linux-x86_64-fedora-clang, r-devel-linux-x86_64-fedora-gcc, r-devel-windows-x86_64-gcc10-UCRT, r-patched-solaris-x86, r-release-macos-arm64, r-release-macos-x86_64, r-oldrel-macos-x86_64

Version: 1.9
Check: whether package can be installed
Result: WARN
    Found the following significant warnings:
     WARNING: installation-time patches will not be applied, could not get the patches index
Flavor: r-devel-windows-x86_64-gcc10-UCRT

Version: 1.9
Check: PDF version of manual
Result: WARN
    LaTeX errors when creating PDF version.
    This typically indicates Rd problems.
Flavor: r-devel-windows-x86_64-gcc10-UCRT

Version: 1.9
Check: PDF version of manual without hyperrefs or index
Result: ERROR
    Re-running with no redirection of stdout/stderr.
Flavor: r-devel-windows-x86_64-gcc10-UCRT