CRAN Package Check Results for Package livechatR

Last updated on 2022-01-23 00:57:16 CET.

Flavor Version Tinstall Tcheck Ttotal Status Flags
r-devel-linux-x86_64-debian-clang 0.1.0 4.22 52.89 57.11 NOTE
r-devel-linux-x86_64-debian-gcc 0.1.0 3.55 38.60 42.15 NOTE
r-devel-linux-x86_64-fedora-clang 0.1.0 68.29 NOTE
r-devel-linux-x86_64-fedora-gcc 0.1.0 55.53 NOTE
r-devel-windows-x86_64-new-UL 0.1.0 26.00 70.00 96.00 NOTE
r-devel-windows-x86_64-new-TK 0.1.0 NOTE
r-patched-linux-x86_64 0.1.0 3.97 48.43 52.40 NOTE
r-release-linux-x86_64 0.1.0 4.06 48.42 52.48 NOTE
r-release-macos-arm64 0.1.0 NOTE
r-release-macos-x86_64 0.1.0 NOTE
r-release-windows-ix86+x86_64 0.1.0 12.00 58.00 70.00 NOTE
r-oldrel-macos-x86_64 0.1.0 OK
r-oldrel-windows-ix86+x86_64 0.1.0 13.00 62.00 75.00 OK

Check Details

Version: 0.1.0
Check: LazyData
Result: NOTE
     'LazyData' is specified without a 'data' directory
Flavors: r-devel-linux-x86_64-debian-clang, r-devel-linux-x86_64-debian-gcc, r-devel-linux-x86_64-fedora-clang, r-devel-linux-x86_64-fedora-gcc, r-devel-windows-x86_64-new-UL, r-devel-windows-x86_64-new-TK, r-patched-linux-x86_64, r-release-linux-x86_64, r-release-macos-arm64, r-release-macos-x86_64, r-release-windows-ix86+x86_64