CRAN Package Check Results for Package littler

Last updated on 2021-09-24 16:50:07 CEST.

Flavor Version Tinstall Tcheck Ttotal Status Flags
r-devel-linux-x86_64-debian-clang 0.3.13 7.19 26.93 34.12 WARN
r-devel-linux-x86_64-debian-gcc 0.3.13 4.49 21.21 25.70 WARN
r-patched-linux-x86_64 0.3.13 5.34 26.55 31.89 WARN
r-release-linux-x86_64 0.3.13 5.41 27.01 32.42 WARN
r-release-macos-arm64 0.3.13 OK
r-release-macos-x86_64 0.3.13 OK
r-oldrel-macos-x86_64 0.3.13 OK

Check Details

Version: 0.3.13
Check: top-level files
Result: WARN
     Output from running autoreconf:
     configure.ac:123: warning: The macro `AC_HELP_STRING' is obsolete.
     configure.ac:123: You should run autoupdate.
     ./lib/autoconf/general.m4:204: AC_HELP_STRING is expanded from...
     ./lib/autoconf/general.m4:1553: AC_ARG_WITH is expanded from...
     configure.ac:123: the top level
     configure.ac:178: warning: AC_OUTPUT should be used without arguments.
     configure.ac:178: You should run autoupdate.
Flavors: r-devel-linux-x86_64-debian-clang, r-devel-linux-x86_64-debian-gcc, r-patched-linux-x86_64, r-release-linux-x86_64