CRAN Package Check Results for Package listviewer

Last updated on 2021-09-20 04:58:20 CEST.

Flavor Version Tinstall Tcheck Ttotal Status Flags
r-devel-linux-x86_64-debian-clang 3.0.0 2.52 26.41 28.93 NOTE
r-devel-linux-x86_64-debian-gcc 3.0.0 1.82 21.00 22.82 NOTE
r-devel-linux-x86_64-fedora-clang 3.0.0 44.17 NOTE
r-devel-linux-x86_64-fedora-gcc 3.0.0 33.14 NOTE
r-devel-windows-x86_64 3.0.0 3.00 35.00 38.00 NOTE
r-devel-windows-x86_64-gcc10-UCRT 3.0.0 ERROR
r-patched-linux-x86_64 3.0.0 2.55 25.98 28.53 NOTE
r-patched-solaris-x86 3.0.0 54.40 NOTE
r-release-linux-x86_64 3.0.0 2.33 26.00 28.33 NOTE
r-release-macos-arm64 3.0.0 NOTE
r-release-macos-x86_64 3.0.0 NOTE
r-release-windows-ix86+x86_64 3.0.0 6.00 36.00 42.00 NOTE
r-oldrel-macos-x86_64 3.0.0 OK
r-oldrel-windows-ix86+x86_64 3.0.0 7.00 32.00 39.00 OK

Check Details

Version: 3.0.0
Check: LazyData
Result: NOTE
     'LazyData' is specified without a 'data' directory
Flavors: r-devel-linux-x86_64-debian-clang, r-devel-linux-x86_64-debian-gcc, r-devel-linux-x86_64-fedora-clang, r-devel-linux-x86_64-fedora-gcc, r-devel-windows-x86_64, r-devel-windows-x86_64-gcc10-UCRT, r-patched-linux-x86_64, r-patched-solaris-x86, r-release-linux-x86_64, r-release-macos-arm64, r-release-macos-x86_64, r-release-windows-ix86+x86_64

Version: 3.0.0
Check: whether package can be installed
Result: WARN
    Found the following significant warnings:
     WARNING: installation-time patches will not be applied, could not get the patches index
Flavor: r-devel-windows-x86_64-gcc10-UCRT

Version: 3.0.0
Check: PDF version of manual
Result: WARN
    LaTeX errors when creating PDF version.
    This typically indicates Rd problems.
Flavor: r-devel-windows-x86_64-gcc10-UCRT

Version: 3.0.0
Check: PDF version of manual without hyperrefs or index
Result: ERROR
    Re-running with no redirection of stdout/stderr.
Flavor: r-devel-windows-x86_64-gcc10-UCRT