CRAN Package Check Results for Package listarrays

Last updated on 2022-01-25 12:55:38 CET.

Flavor Version Tinstall Tcheck Ttotal Status Flags
r-devel-linux-x86_64-debian-clang 0.3.1 2.60 37.56 40.16 NOTE
r-devel-linux-x86_64-debian-gcc 0.3.1 1.82 29.39 31.21 NOTE
r-devel-linux-x86_64-fedora-clang 0.3.1 49.67 NOTE
r-devel-linux-x86_64-fedora-gcc 0.3.1 38.51 NOTE
r-devel-windows-x86_64-new-UL 0.3.1 52.00 61.00 113.00 NOTE
r-devel-windows-x86_64-new-TK 0.3.1 NOTE
r-patched-linux-x86_64 0.3.1 2.45 35.73 38.18 NOTE
r-release-linux-x86_64 0.3.1 2.00 35.13 37.13 NOTE
r-release-macos-arm64 0.3.1 NOTE
r-release-macos-x86_64 0.3.1 NOTE
r-release-windows-ix86+x86_64 0.3.1 6.00 45.00 51.00 NOTE
r-oldrel-macos-x86_64 0.3.1 OK
r-oldrel-windows-ix86+x86_64 0.3.1 5.00 46.00 51.00 OK

Check Details

Version: 0.3.1
Check: LazyData
Result: NOTE
     'LazyData' is specified without a 'data' directory
Flavors: r-devel-linux-x86_64-debian-clang, r-devel-linux-x86_64-debian-gcc, r-devel-linux-x86_64-fedora-clang, r-devel-linux-x86_64-fedora-gcc, r-devel-windows-x86_64-new-UL, r-devel-windows-x86_64-new-TK, r-patched-linux-x86_64, r-release-linux-x86_64, r-release-macos-arm64, r-release-macos-x86_64, r-release-windows-ix86+x86_64

Version: 0.3.1
Check: Rd cross-references
Result: NOTE
    Undeclared package ‘keras’ in Rd xrefs
Flavor: r-devel-linux-x86_64-fedora-clang