CRAN Package Check Results for Package link2GI

Last updated on 2021-07-23 07:49:51 CEST.

Flavor Version Tinstall Tcheck Ttotal Status Flags
r-devel-linux-x86_64-debian-clang 0.4-5 11.71 101.80 113.51 OK
r-devel-linux-x86_64-debian-gcc 0.4-5 9.28 75.60 84.88 OK
r-devel-linux-x86_64-fedora-clang 0.4-5 143.34 NOTE
r-devel-linux-x86_64-fedora-gcc 0.4-5 131.08 NOTE
r-devel-windows-x86_64 0.4-5 14.00 94.00 108.00 OK
r-devel-windows-x86_64-gcc10-UCRT 0.4-5 NOTE
r-patched-linux-x86_64 0.4-5 17.33 95.35 112.68 OK
r-patched-solaris-x86 0.4-5 203.00 NOTE
r-release-linux-x86_64 0.4-5 11.55 94.81 106.36 OK
r-release-macos-arm64 0.4-5 NOTE
r-release-macos-x86_64 0.4-5 NOTE
r-release-windows-ix86+x86_64 0.4-5 26.00 92.00 118.00 OK
r-oldrel-macos-x86_64 0.4-5 NOTE
r-oldrel-windows-ix86+x86_64 0.4-5 27.00 117.00 144.00 OK

Check Details

Version: 0.4-5
Check: dependencies in R code
Result: NOTE
    Namespace in Imports field not imported from: ‘methods’
     All declared Imports should be used.
Flavors: r-devel-linux-x86_64-fedora-clang, r-devel-linux-x86_64-fedora-gcc, r-devel-windows-x86_64-gcc10-UCRT, r-patched-solaris-x86, r-release-macos-arm64, r-release-macos-x86_64, r-oldrel-macos-x86_64