CRAN Package Check Results for Package lillies

Last updated on 2021-06-13 21:48:17 CEST.

Flavor Version Tinstall Tcheck Ttotal Status Flags
r-devel-linux-x86_64-debian-clang 0.2.9 4.90 78.28 83.18 OK
r-devel-linux-x86_64-debian-gcc 0.2.9 4.19 62.09 66.28 OK
r-devel-linux-x86_64-fedora-clang 0.2.9 108.62 NOTE
r-devel-linux-x86_64-fedora-gcc 0.2.9 98.18 NOTE
r-devel-windows-x86_64 0.2.9 9.00 111.00 120.00 OK
r-devel-windows-x86_64-gcc10-UCRT 0.2.9 NOTE
r-patched-linux-x86_64 0.2.9 5.09 75.84 80.93 OK
r-patched-solaris-x86 0.2.9 145.50 NOTE
r-release-linux-x86_64 0.2.9 3.37 76.22 79.59 OK
r-release-macos-arm64 0.2.9 NOTE
r-release-macos-x86_64 0.2.9 NOTE
r-release-windows-ix86+x86_64 0.2.9 10.00 105.00 115.00 OK
r-oldrel-macos-x86_64 0.2.9 NOTE
r-oldrel-windows-ix86+x86_64 0.2.9 11.00 108.00 119.00 OK

Check Details

Version: 0.2.9
Check: dependencies in R code
Result: NOTE
    Namespace in Imports field not imported from: ‘ddpcr’
     All declared Imports should be used.
Flavors: r-devel-linux-x86_64-fedora-clang, r-devel-linux-x86_64-fedora-gcc, r-devel-windows-x86_64-gcc10-UCRT, r-patched-solaris-x86, r-release-macos-arm64, r-release-macos-x86_64, r-oldrel-macos-x86_64