Last updated on 2023-02-04 04:53:56 CET.
Flavor | Version | Tinstall | Tcheck | Ttotal | Status | Flags |
---|---|---|---|---|---|---|
r-devel-linux-x86_64-debian-clang | 2.0.1 | 35.02 | 156.65 | 191.67 | OK | |
r-devel-linux-x86_64-debian-gcc | 2.0.1 | 30.03 | 100.01 | 130.04 | OK | |
r-devel-linux-x86_64-fedora-clang | 2.0.1 | 248.13 | NOTE | |||
r-devel-linux-x86_64-fedora-gcc | 2.0.1 | 229.22 | OK | |||
r-devel-windows-x86_64 | 2.0.1 | 42.00 | 192.00 | 234.00 | NOTE | |
r-patched-linux-x86_64 | 2.0.1 | 31.35 | 138.83 | 170.18 | OK | |
r-release-linux-x86_64 | 2.0.1 | 31.28 | 127.66 | 158.94 | OK | |
r-release-macos-arm64 | 2.0.1 | 68.00 | NOTE | |||
r-release-macos-x86_64 | 2.0.1 | 83.00 | NOTE | |||
r-release-windows-x86_64 | 2.0.1 | 42.00 | 200.00 | 242.00 | NOTE | |
r-oldrel-macos-arm64 | 2.0.1 | 70.00 | NOTE | |||
r-oldrel-macos-x86_64 | 2.0.1 | 133.00 | NOTE | |||
r-oldrel-windows-ix86+x86_64 | 2.0.1 | 88.00 | 218.00 | 306.00 | NOTE |
Version: 2.0.1
Check: installed package size
Result: NOTE
installed size is 5.8Mb
sub-directories of 1Mb or more:
data 3.3Mb
doc 2.1Mb
Flavors: r-devel-linux-x86_64-fedora-clang, r-devel-windows-x86_64, r-release-macos-arm64, r-release-macos-x86_64, r-release-windows-x86_64, r-oldrel-macos-arm64, r-oldrel-macos-x86_64, r-oldrel-windows-ix86+x86_64