CRAN Package Check Results for Package lhs

Last updated on 2022-12-06 04:51:50 CET.

Flavor Version Tinstall Tcheck Ttotal Status Flags
r-devel-linux-x86_64-debian-clang 1.1.5 179.65 88.23 267.88 WARN
r-devel-linux-x86_64-debian-gcc 1.1.5 129.00 66.68 195.68 WARN
r-devel-linux-x86_64-fedora-clang 1.1.5 416.60 WARN
r-devel-linux-x86_64-fedora-gcc 1.1.5 344.27 WARN
r-devel-windows-x86_64 1.1.5 143.00 142.00 285.00 OK
r-patched-linux-x86_64 1.1.5 133.50 81.19 214.69 OK
r-release-linux-x86_64 1.1.5 140.83 78.80 219.63 OK
r-release-macos-arm64 1.1.5 102.00 OK
r-release-macos-x86_64 1.1.5 123.00 OK
r-release-windows-x86_64 1.1.5 138.00 146.00 284.00 OK
r-oldrel-macos-arm64 1.1.5 127.00 OK
r-oldrel-macos-x86_64 1.1.5 152.00 OK
r-oldrel-windows-ix86+x86_64 1.1.5 420.00 170.00 590.00 OK

Check Details

Version: 1.1.5
Check: whether package can be installed
Result: WARN
    Found the following significant warnings:
     init.c:14:33: warning: a function declaration without a prototype is deprecated in all versions of C [-Wstrict-prototypes]
Flavors: r-devel-linux-x86_64-debian-clang, r-devel-linux-x86_64-fedora-clang

Version: 1.1.5
Check: whether package can be installed
Result: WARN
    Found the following significant warnings:
     init.c:14:1: warning: function declaration isn’t a prototype [-Wstrict-prototypes]
Flavors: r-devel-linux-x86_64-debian-gcc, r-devel-linux-x86_64-fedora-gcc