CRAN Package Check Results for Package lgr

Last updated on 2021-08-03 19:52:10 CEST.

Flavor Version Tinstall Tcheck Ttotal Status Flags
r-devel-linux-x86_64-debian-clang 0.4.2 17.73 66.68 84.41 NOTE
r-devel-linux-x86_64-debian-gcc 0.4.2 14.52 53.70 68.22 NOTE
r-devel-linux-x86_64-fedora-clang 0.4.2 113.41 NOTE
r-devel-linux-x86_64-fedora-gcc 0.4.2 108.03 NOTE
r-devel-windows-x86_64 0.4.2 22.00 90.00 112.00 NOTE
r-devel-windows-x86_64-gcc10-UCRT 0.4.2 NOTE
r-patched-linux-x86_64 0.4.2 18.39 64.63 83.02 NOTE
r-patched-solaris-x86 0.4.2 138.30 NOTE
r-release-linux-x86_64 0.4.2 15.53 63.50 79.03 NOTE
r-release-macos-arm64 0.4.2 ERROR
r-release-macos-x86_64 0.4.2 NOTE
r-release-windows-ix86+x86_64 0.4.2 28.00 90.00 118.00 NOTE
r-oldrel-macos-x86_64 0.4.2 OK
r-oldrel-windows-ix86+x86_64 0.4.2 23.00 92.00 115.00 OK

Check Details

Version: 0.4.2
Check: LazyData
Result: NOTE
     'LazyData' is specified without a 'data' directory
Flavors: r-devel-linux-x86_64-debian-clang, r-devel-linux-x86_64-debian-gcc, r-devel-linux-x86_64-fedora-clang, r-devel-linux-x86_64-fedora-gcc, r-devel-windows-x86_64, r-devel-windows-x86_64-gcc10-UCRT, r-patched-linux-x86_64, r-patched-solaris-x86, r-release-linux-x86_64, r-release-macos-arm64, r-release-macos-x86_64, r-release-windows-ix86+x86_64

Version: 0.4.2
Check: tests
Result: ERROR
     Running ‘testthat.R’ [6s/8s]
    Running the tests in ‘tests/testthat.R’ failed.
    Last 13 lines of output:
     lo\$format_event\(tevent\) does not match "ERROR .*2018-11-02 .*:19:33.*\\.* foo bar".
     Actual value: "ERROR \[2018-11-03 05:19:33\.930\] foo bar"
     Backtrace:
     █
     1. └─testthat::expect_match(lo$format_event(tevent), "ERROR .*2018-11-02 .*:19:33.*\\.* foo bar") test_Layout.R:25:2
     2. └─testthat:::expect_match_(...)
     ── Failure (test_Layout.R:29:3): LayoutFormat works as expected ────────────────
     lo$format_event(tevent) not identical to "[2018-11-02]".
     1/1 mismatches
     x[1]: "[2018-11-03]"
     y[1]: "[2018-11-02]"
    
     [ FAIL 2 | WARN 2 | SKIP 2 | PASS 555 ]
     Error: Test failures
     Execution halted
Flavor: r-release-macos-arm64