CRAN Package Check Results for Package lgcp

Last updated on 2021-09-21 04:55:16 CEST.

Flavor Version Tinstall Tcheck Ttotal Status Flags
r-devel-linux-x86_64-debian-clang 1.7 48.82 365.08 413.90 OK
r-devel-linux-x86_64-debian-gcc 1.7 38.40 269.77 308.17 OK
r-devel-linux-x86_64-fedora-clang 1.7 511.11 NOTE
r-devel-linux-x86_64-fedora-gcc 1.7 497.09 NOTE
r-devel-windows-x86_64 1.7 46.00 304.00 350.00 OK
r-devel-windows-x86_64-gcc10-UCRT 1.7 ERROR
r-patched-linux-x86_64 1.7 55.90 345.57 401.47 OK
r-patched-solaris-x86 1.7 656.10 NOTE
r-release-linux-x86_64 1.7 47.63 344.18 391.81 OK
r-release-macos-arm64 1.7 NOTE
r-release-macos-x86_64 1.7 NOTE
r-release-windows-ix86+x86_64 1.7 89.00 302.00 391.00 OK
r-oldrel-macos-x86_64 1.7 NOTE
r-oldrel-windows-ix86+x86_64 1.7 92.00 304.00 396.00 OK

Check Details

Version: 1.7
Check: dependencies in R code
Result: NOTE
    Namespace in Imports field not imported from: ‘spatstat’
     All declared Imports should be used.
Flavors: r-devel-linux-x86_64-fedora-clang, r-devel-linux-x86_64-fedora-gcc, r-devel-windows-x86_64-gcc10-UCRT, r-patched-solaris-x86, r-release-macos-arm64, r-release-macos-x86_64, r-oldrel-macos-x86_64

Version: 1.7
Check: whether package can be installed
Result: WARN
    Found the following significant warnings:
     WARNING: installation-time patches will not be applied, could not get the patches index
Flavor: r-devel-windows-x86_64-gcc10-UCRT

Version: 1.7
Check: PDF version of manual
Result: WARN
    LaTeX errors when creating PDF version.
    This typically indicates Rd problems.
Flavor: r-devel-windows-x86_64-gcc10-UCRT

Version: 1.7
Check: PDF version of manual without hyperrefs or index
Result: ERROR
    Re-running with no redirection of stdout/stderr.
Flavor: r-devel-windows-x86_64-gcc10-UCRT