CRAN Package Check Results for Package levitate

Last updated on 2022-08-15 09:49:33 CEST.

Flavor Version Tinstall Tcheck Ttotal Status Flags
r-devel-linux-x86_64-debian-clang 0.1.0 1.70 52.45 54.15 OK
r-devel-linux-x86_64-debian-gcc 0.1.0 1.69 36.65 38.34 OK
r-devel-linux-x86_64-fedora-clang 0.1.0 72.28 NOTE
r-devel-linux-x86_64-fedora-gcc 0.1.0 69.66 NOTE
r-devel-windows-x86_64 0.1.0 17.00 76.00 93.00 OK
r-patched-linux-x86_64 0.1.0 2.59 46.00 48.59 OK
r-release-linux-x86_64 0.1.0 2.37 46.28 48.65 OK
r-release-macos-arm64 0.1.0 22.00 NOTE
r-release-macos-x86_64 0.1.0 30.00 NOTE
r-release-windows-x86_64 0.1.0 22.00 75.00 97.00 OK
r-oldrel-macos-arm64 0.1.0 30.00 NOTE
r-oldrel-macos-x86_64 0.1.0 41.00 NOTE
r-oldrel-windows-ix86+x86_64 0.1.0 6.00 69.00 75.00 OK

Check Details

Version: 0.1.0
Check: dependencies in R code
Result: NOTE
    Namespaces in Imports field not imported from:
     ‘cli’ ‘glue’ ‘stringr’
     All declared Imports should be used.
Flavors: r-devel-linux-x86_64-fedora-clang, r-devel-linux-x86_64-fedora-gcc, r-release-macos-arm64, r-release-macos-x86_64, r-oldrel-macos-arm64, r-oldrel-macos-x86_64