CRAN Package Check Results for Package legion

Last updated on 2022-01-23 12:59:44 CET.

Flavor Version Tinstall Tcheck Ttotal Status Flags
r-devel-linux-x86_64-debian-clang 0.1.0 54.32 166.54 220.86 OK
r-devel-linux-x86_64-debian-gcc 0.1.0 42.83 133.24 176.07 OK
r-devel-linux-x86_64-fedora-clang 0.1.0 282.08 NOTE
r-devel-linux-x86_64-fedora-gcc 0.1.0 274.84 NOTE
r-devel-windows-x86_64-new-UL 0.1.0 59.00 202.00 261.00 NOTE
r-devel-windows-x86_64-new-TK 0.1.0 ERROR
r-patched-linux-x86_64 0.1.0 50.96 157.51 208.47 OK
r-release-linux-x86_64 0.1.0 48.10 160.47 208.57 OK
r-release-macos-arm64 0.1.0 NOTE
r-release-macos-x86_64 0.1.0 NOTE
r-release-windows-ix86+x86_64 0.1.0 132.00 235.00 367.00 NOTE
r-oldrel-macos-x86_64 0.1.0 NOTE
r-oldrel-windows-ix86+x86_64 0.1.0 132.00 230.00 362.00 NOTE

Check Details

Version: 0.1.0
Check: dependencies in R code
Result: NOTE
    Namespaces in Imports field not imported from:
     ‘pracma’ ‘statmod’
     All declared Imports should be used.
Flavors: r-devel-linux-x86_64-fedora-clang, r-devel-linux-x86_64-fedora-gcc, r-release-macos-arm64, r-release-macos-x86_64, r-oldrel-macos-x86_64

Version: 0.1.0
Check: package dependencies
Result: NOTE
    Package suggested but not available for checking: 'doMC'
Flavors: r-devel-windows-x86_64-new-UL, r-release-windows-ix86+x86_64, r-oldrel-windows-ix86+x86_64

Version: 0.1.0
Check: package dependencies
Result: ERROR
    Packages required but not available: 'greybox', 'smooth', 'nloptr'
    
    Package suggested but not available for checking: 'doMC'
    
    See section 'The DESCRIPTION file' in the 'Writing R Extensions'
    manual.
Flavor: r-devel-windows-x86_64-new-TK