Last updated on 2022-07-06 17:49:07 CEST.
Flavor | Version | Tinstall | Tcheck | Ttotal | Status | Flags |
---|---|---|---|---|---|---|
r-devel-linux-x86_64-debian-clang | 0.1.4 | 10.23 | 80.94 | 91.17 | OK | |
r-devel-linux-x86_64-debian-gcc | 0.1.4 | 8.56 | 60.73 | 69.29 | OK | |
r-devel-linux-x86_64-fedora-clang | 0.1.4 | 115.15 | NOTE | |||
r-devel-linux-x86_64-fedora-gcc | 0.1.4 | 113.02 | NOTE | |||
r-devel-windows-x86_64 | 0.1.4 | 151.00 | 212.00 | 363.00 | OK | |
r-patched-linux-x86_64 | 0.1.4 | 10.71 | 75.46 | 86.17 | OK | |
r-release-linux-x86_64 | 0.1.4 | 9.80 | 77.11 | 86.91 | OK | |
r-release-macos-arm64 | 0.1.4 | 113.00 | NOTE | |||
r-release-macos-x86_64 | 0.1.4 | 145.00 | NOTE | |||
r-release-windows-x86_64 | 0.1.4 | 96.00 | 222.00 | 318.00 | OK | |
r-oldrel-macos-arm64 | 0.1.4 | 121.00 | NOTE | |||
r-oldrel-macos-x86_64 | 0.1.4 | 135.00 | NOTE | |||
r-oldrel-windows-ix86+x86_64 | 0.1.4 | 18.00 | 196.00 | 214.00 | OK |
Version: 0.1.4
Check: data for non-ASCII characters
Result: NOTE
Note: found 51 marked UTF-8 strings
Flavors: r-devel-linux-x86_64-fedora-clang, r-devel-linux-x86_64-fedora-gcc, r-release-macos-arm64, r-release-macos-x86_64, r-oldrel-macos-arm64, r-oldrel-macos-x86_64