CRAN Package Check Results for Package learnstats

Last updated on 2021-09-20 16:50:39 CEST.

Flavor Version Tinstall Tcheck Ttotal Status Flags
r-devel-linux-x86_64-debian-clang 0.1.1 19.43 127.04 146.47 NOTE
r-devel-linux-x86_64-debian-gcc 0.1.1 13.86 96.85 110.71 NOTE
r-devel-linux-x86_64-fedora-clang 0.1.1 183.73 NOTE
r-devel-linux-x86_64-fedora-gcc 0.1.1 171.88 NOTE
r-devel-windows-x86_64 0.1.1 19.00 108.00 127.00 NOTE
r-devel-windows-x86_64-gcc10-UCRT 0.1.1 ERROR
r-patched-linux-x86_64 0.1.1 18.21 121.24 139.45 NOTE
r-patched-solaris-x86 0.1.1 254.70 NOTE
r-release-linux-x86_64 0.1.1 16.75 122.12 138.87 NOTE
r-release-macos-arm64 0.1.1 NOTE
r-release-macos-x86_64 0.1.1 NOTE
r-release-windows-ix86+x86_64 0.1.1 41.00 109.00 150.00 NOTE
r-oldrel-macos-x86_64 0.1.1 NOTE
r-oldrel-windows-ix86+x86_64 0.1.1 39.00 107.00 146.00 NOTE

Check Details

Version: 0.1.1
Check: R code for possible problems
Result: NOTE
    prob: no visible global function definition for 'pnorm'
    prob: no visible global function definition for 'dnorm'
    prob : <anonymous>: no visible global function definition for 'dnorm'
    prob: no visible global function definition for 'axis'
    prob: no visible global function definition for 'polygon'
    prob: no visible global function definition for 'legend'
    prob: no visible global function definition for 'jpeg'
    prob: no visible global function definition for 'dev.off'
    pval: no visible global function definition for 'qt'
    pval: no visible global function definition for 'pt'
    pval : dl: no visible global function definition for 'dt'
    pval: no visible global function definition for 'pnorm'
    pval : dl: no visible global function definition for 'dnorm'
    pval: no visible global function definition for 'polygon'
    pval: no visible global function definition for 'axis'
    pval: no visible global function definition for 'segments'
    pval: no visible global function definition for 'legend'
    pval: no visible global function definition for 'jpeg'
    pval: no visible global function definition for 'title'
    pval: no visible global function definition for 'dev.off'
    pval: no visible global function definition for 'qchisq'
    pval: no visible global function definition for 'pchisq'
    pval : dl: no visible global function definition for 'dchisq'
    pval: no visible global function definition for 'qf'
    pval: no visible global function definition for 'pf'
    qqsim: no visible global function definition for 'rnorm'
    qqsim: no visible global function definition for 'runif'
    qqsim: no visible global function definition for 'rchisq'
    qqsim: no visible global function definition for 'rt'
    qqsim: no visible global function definition for 'par'
    qqsim: no visible global function definition for 'qqnorm'
    qqsim: no visible global function definition for 'qqline'
    qqsim: no visible global function definition for 'hist'
    qqsim: no visible global function definition for 'mtext'
    qqsim: no visible global function definition for 'jpeg'
    qqsim: no visible global function definition for 'dev.off'
    timeseressim: no visible global function definition for 'rnorm'
    timeseressim: no visible global function definition for 'par'
    timeseressim: no visible global function definition for 'mtext'
    timeseressim: no visible global function definition for 'jpeg'
    timeseressim: no visible global function definition for 'dev.off'
    Undefined global functions or variables:
     axis dchisq dev.off dnorm dt hist jpeg legend mtext par pchisq pf
     pnorm polygon pt qchisq qf qqline qqnorm qt rchisq rnorm rt runif
     segments title
    Consider adding
     importFrom("grDevices", "dev.off", "jpeg")
     importFrom("graphics", "axis", "hist", "legend", "mtext", "par",
     "polygon", "segments", "title")
     importFrom("stats", "dchisq", "dnorm", "dt", "pchisq", "pf", "pnorm",
     "pt", "qchisq", "qf", "qqline", "qqnorm", "qt", "rchisq",
     "rnorm", "rt", "runif")
    to your NAMESPACE file.
Flavors: r-devel-linux-x86_64-debian-clang, r-devel-linux-x86_64-debian-gcc, r-devel-linux-x86_64-fedora-clang, r-devel-linux-x86_64-fedora-gcc, r-devel-windows-x86_64, r-devel-windows-x86_64-gcc10-UCRT, r-patched-linux-x86_64, r-patched-solaris-x86, r-release-linux-x86_64, r-release-macos-arm64, r-release-macos-x86_64, r-release-windows-ix86+x86_64, r-oldrel-macos-x86_64, r-oldrel-windows-ix86+x86_64

Version: 0.1.1
Check: LazyData
Result: NOTE
     'LazyData' is specified without a 'data' directory
Flavors: r-devel-linux-x86_64-debian-clang, r-devel-linux-x86_64-debian-gcc, r-devel-linux-x86_64-fedora-clang, r-devel-linux-x86_64-fedora-gcc, r-devel-windows-x86_64, r-devel-windows-x86_64-gcc10-UCRT, r-patched-linux-x86_64, r-patched-solaris-x86, r-release-linux-x86_64, r-release-macos-arm64, r-release-macos-x86_64, r-release-windows-ix86+x86_64

Version: 0.1.1
Check: whether package can be installed
Result: WARN
    Found the following significant warnings:
     WARNING: installation-time patches will not be applied, could not get the patches index
Flavor: r-devel-windows-x86_64-gcc10-UCRT

Version: 0.1.1
Check: PDF version of manual
Result: WARN
    LaTeX errors when creating PDF version.
    This typically indicates Rd problems.
Flavor: r-devel-windows-x86_64-gcc10-UCRT

Version: 0.1.1
Check: PDF version of manual without hyperrefs or index
Result: ERROR
    Re-running with no redirection of stdout/stderr.
Flavor: r-devel-windows-x86_64-gcc10-UCRT