CRAN Package Check Results for Package leafpop

Last updated on 2021-09-21 04:55:16 CEST.

Flavor Version Tinstall Tcheck Ttotal Status Flags
r-devel-linux-x86_64-debian-clang 0.1.0 5.29 56.95 62.24 OK
r-devel-linux-x86_64-debian-gcc 0.1.0 4.04 42.41 46.45 OK
r-devel-linux-x86_64-fedora-clang 0.1.0 82.11 OK
r-devel-linux-x86_64-fedora-gcc 0.1.0 69.76 OK
r-devel-windows-x86_64 0.1.0 6.00 56.00 62.00 OK
r-devel-windows-x86_64-gcc10-UCRT 0.1.0 ERROR
r-patched-linux-x86_64 0.1.0 4.75 53.57 58.32 OK
r-patched-solaris-x86 0.1.0 110.70 OK
r-release-linux-x86_64 0.1.0 4.54 52.63 57.17 OK
r-release-macos-arm64 0.1.0 OK
r-release-macos-x86_64 0.1.0 OK
r-release-windows-ix86+x86_64 0.1.0 16.00 53.00 69.00 OK
r-oldrel-macos-x86_64 0.1.0 OK
r-oldrel-windows-ix86+x86_64 0.1.0 15.00 53.00 68.00 OK

Check Details

Version: 0.1.0
Check: whether package can be installed
Result: WARN
    Found the following significant warnings:
     WARNING: installation-time patches will not be applied, could not get the patches index
Flavor: r-devel-windows-x86_64-gcc10-UCRT

Version: 0.1.0
Check: PDF version of manual
Result: WARN
    LaTeX errors when creating PDF version.
    This typically indicates Rd problems.
Flavor: r-devel-windows-x86_64-gcc10-UCRT

Version: 0.1.0
Check: PDF version of manual without hyperrefs or index
Result: ERROR
    Re-running with no redirection of stdout/stderr.
Flavor: r-devel-windows-x86_64-gcc10-UCRT