CRAN Package Check Results for Package leafletCN

Last updated on 2021-09-23 16:50:29 CEST.

Flavor Version Tinstall Tcheck Ttotal Status Flags
r-devel-linux-x86_64-debian-clang 0.2.1 5.15 42.35 47.50 OK
r-devel-linux-x86_64-debian-gcc 0.2.1 4.08 32.44 36.52 OK
r-devel-linux-x86_64-fedora-clang 0.2.1 66.50 NOTE
r-devel-linux-x86_64-fedora-gcc 0.2.1 55.72 NOTE
r-devel-windows-x86_64 0.2.1 8.00 46.00 54.00 NOTE
r-devel-windows-x86_64-gcc10-UCRT 0.2.1 NOTE
r-patched-linux-x86_64 0.2.1 5.72 41.50 47.22 OK
r-patched-solaris-x86 0.2.1 85.90 NOTE
r-release-linux-x86_64 0.2.1 3.23 40.99 44.22 OK
r-release-macos-arm64 0.2.1 NOTE
r-release-macos-x86_64 0.2.1 NOTE
r-release-windows-ix86+x86_64 0.2.1 12.00 46.00 58.00 NOTE
r-oldrel-macos-x86_64 0.2.1 NOTE
r-oldrel-windows-ix86+x86_64 0.2.1 10.00 47.00 57.00 NOTE

Check Details

Version: 0.2.1
Check: installed package size
Result: NOTE
     installed size is 12.1Mb
     sub-directories of 1Mb or more:
     geojson 11.9Mb
Flavors: r-devel-linux-x86_64-fedora-clang, r-devel-windows-x86_64, r-patched-solaris-x86, r-release-macos-arm64, r-release-macos-x86_64, r-release-windows-ix86+x86_64, r-oldrel-macos-x86_64, r-oldrel-windows-ix86+x86_64

Version: 0.2.1
Check: dependencies in R code
Result: NOTE
    Namespace in Imports field not imported from: ‘rgeos’
     All declared Imports should be used.
Flavors: r-devel-linux-x86_64-fedora-clang, r-devel-linux-x86_64-fedora-gcc, r-devel-windows-x86_64-gcc10-UCRT, r-patched-solaris-x86, r-release-macos-arm64, r-release-macos-x86_64, r-oldrel-macos-x86_64

Version: 0.2.1
Check: data for non-ASCII characters
Result: NOTE
     Note: found 1096 marked UTF-8 strings
Flavors: r-devel-linux-x86_64-fedora-clang, r-devel-linux-x86_64-fedora-gcc, r-devel-windows-x86_64-gcc10-UCRT, r-patched-solaris-x86, r-release-macos-arm64, r-release-macos-x86_64, r-oldrel-macos-x86_64