CRAN Package Check Results for Package leaflet.opacity

Last updated on 2021-09-26 16:49:17 CEST.

Flavor Version Tinstall Tcheck Ttotal Status Flags
r-devel-linux-x86_64-debian-clang 0.1.0 2.41 32.75 35.16 NOTE
r-devel-linux-x86_64-debian-gcc 0.1.0 1.77 25.39 27.16 NOTE
r-devel-linux-x86_64-fedora-clang 0.1.0 51.87 NOTE
r-devel-linux-x86_64-fedora-gcc 0.1.0 41.47 NOTE
r-devel-windows-x86_64 0.1.0 3.00 41.00 44.00 NOTE
r-devel-windows-x86_64-gcc10-UCRT 0.1.0 NOTE
r-patched-linux-x86_64 0.1.0 2.40 31.38 33.78 NOTE
r-patched-solaris-x86 0.1.0 61.50 NOTE
r-release-linux-x86_64 0.1.0 2.13 32.99 35.12 NOTE
r-release-macos-arm64 0.1.0 NOTE
r-release-macos-x86_64 0.1.0 NOTE
r-release-windows-ix86+x86_64 0.1.0 6.00 39.00 45.00 NOTE
r-oldrel-macos-x86_64 0.1.0 OK
r-oldrel-windows-ix86+x86_64 0.1.0 5.00 37.00 42.00 OK

Check Details

Version: 0.1.0
Check: LazyData
Result: NOTE
     'LazyData' is specified without a 'data' directory
Flavors: r-devel-linux-x86_64-debian-clang, r-devel-linux-x86_64-debian-gcc, r-devel-linux-x86_64-fedora-clang, r-devel-linux-x86_64-fedora-gcc, r-devel-windows-x86_64, r-devel-windows-x86_64-gcc10-UCRT, r-patched-linux-x86_64, r-patched-solaris-x86, r-release-linux-x86_64, r-release-macos-arm64, r-release-macos-x86_64, r-release-windows-ix86+x86_64