CRAN Package Check Results for Package leaflet

Last updated on 2021-08-05 08:51:23 CEST.

Flavor Version Tinstall Tcheck Ttotal Status Flags
r-devel-linux-x86_64-debian-clang 2.0.4.1 5.99 53.45 59.44 OK
r-devel-linux-x86_64-debian-gcc 2.0.4.1 4.47 40.62 45.09 OK
r-devel-linux-x86_64-fedora-clang 2.0.4.1 79.59 OK
r-devel-linux-x86_64-fedora-gcc 2.0.4.1 69.11 OK
r-devel-windows-x86_64 2.0.4.1 10.00 72.00 82.00 OK
r-devel-windows-x86_64-gcc10-UCRT 2.0.4.1 ERROR
r-patched-linux-x86_64 2.0.4.1 10.94 51.00 61.94 OK
r-patched-solaris-x86 2.0.4.1 101.90 NOTE
r-release-linux-x86_64 2.0.4.1 5.79 51.28 57.07 OK
r-release-macos-arm64 2.0.4.1 OK
r-release-macos-x86_64 2.0.4.1 OK
r-release-windows-ix86+x86_64 2.0.4.1 12.00 78.00 90.00 OK
r-oldrel-macos-x86_64 2.0.4.1 OK
r-oldrel-windows-ix86+x86_64 2.0.4.1 27.00 72.00 99.00 OK

Check Details

Version: 2.0.4.1
Check: package dependencies
Result: ERROR
    Package required but not available: 'viridis'
    
    Packages suggested but not available for checking: 'sf', 'testthat'
    
    See section 'The DESCRIPTION file' in the 'Writing R Extensions'
    manual.
Flavor: r-devel-windows-x86_64-gcc10-UCRT

Version: 2.0.4.1
Check: installed package size
Result: NOTE
     installed size is 5.5Mb
     sub-directories of 1Mb or more:
     htmlwidgets 3.9Mb
Flavor: r-patched-solaris-x86