CRAN Package Check Results for Package leaflet.extras2

Last updated on 2021-09-25 16:49:30 CEST.

Flavor Version Tinstall Tcheck Ttotal Status Flags
r-devel-linux-x86_64-debian-clang 1.1.0 4.78 44.61 49.39 OK
r-devel-linux-x86_64-debian-gcc 1.1.0 3.69 34.50 38.19 OK
r-devel-linux-x86_64-fedora-clang 1.1.0 70.45 NOTE
r-devel-linux-x86_64-fedora-gcc 1.1.0 59.38 OK
r-devel-windows-x86_64 1.1.0 7.00 48.00 55.00 OK
r-devel-windows-x86_64-gcc10-UCRT 1.1.0 OK
r-patched-linux-x86_64 1.1.0 9.83 43.32 53.15 OK
r-patched-solaris-x86 1.1.0 87.00 OK
r-release-linux-x86_64 1.1.0 2.88 43.14 46.02 OK
r-release-macos-arm64 1.1.0 OK
r-release-macos-x86_64 1.1.0 OK
r-release-windows-ix86+x86_64 1.1.0 10.00 49.00 59.00 OK
r-oldrel-macos-x86_64 1.1.0 OK
r-oldrel-windows-ix86+x86_64 1.1.0 8.00 51.00 59.00 OK

Check Details

Version: 1.1.0
Check: Rd cross-references
Result: NOTE
    Undeclared package ‘htmlwidgets’ in Rd xrefs
Flavor: r-devel-linux-x86_64-fedora-clang