CRAN Package Check Results for Package ldsep

Last updated on 2021-09-20 16:50:39 CEST.

Flavor Version Tinstall Tcheck Ttotal Status Flags
r-devel-linux-x86_64-debian-clang 2.1.2 140.80 111.01 251.81 OK
r-devel-linux-x86_64-debian-gcc 2.1.2 91.19 81.62 172.81 OK
r-devel-linux-x86_64-fedora-clang 2.1.2 361.55 NOTE
r-devel-linux-x86_64-fedora-gcc 2.1.2 314.89 OK
r-devel-windows-x86_64 2.1.2 128.00 130.00 258.00 OK
r-devel-windows-x86_64-gcc10-UCRT 2.1.2 ERROR
r-patched-linux-x86_64 2.1.2 116.94 112.65 229.59 OK
r-patched-solaris-x86 2.1.2 247.00 OK
r-release-linux-x86_64 2.1.2 107.35 110.03 217.38 OK
r-release-macos-arm64 2.1.2 NOTE
r-release-macos-x86_64 2.1.2 NOTE
r-release-windows-ix86+x86_64 2.1.2 332.00 168.00 500.00 OK
r-oldrel-macos-x86_64 2.1.2 NOTE
r-oldrel-windows-ix86+x86_64 2.1.2 319.00 159.00 478.00 OK

Check Details

Version: 2.1.2
Check: installed package size
Result: NOTE
     installed size is 5.2Mb
     sub-directories of 1Mb or more:
     libs 4.4Mb
Flavors: r-devel-linux-x86_64-fedora-clang, r-release-macos-arm64, r-release-macos-x86_64, r-oldrel-macos-x86_64

Version: 2.1.2
Check: whether package can be installed
Result: ERROR
    Installation failed.
Flavor: r-devel-windows-x86_64-gcc10-UCRT

Version: 2.1.2
Check: package dependencies
Result: NOTE
    Package suggested but not available for checking: ‘VariantAnnotation’
Flavor: r-release-macos-arm64