Last updated on 2023-03-31 05:54:27 CEST.
Flavor | Version | Tinstall | Tcheck | Ttotal | Status | Flags |
---|---|---|---|---|---|---|
r-devel-linux-x86_64-debian-clang | 1.2.6 | 16.77 | 252.89 | 269.66 | OK | |
r-devel-linux-x86_64-debian-gcc | 1.2.6 | 13.71 | 188.96 | 202.67 | OK | |
r-devel-linux-x86_64-fedora-clang | 1.2.6 | 327.66 | NOTE | |||
r-devel-linux-x86_64-fedora-gcc | 1.2.6 | 337.31 | NOTE | |||
r-devel-windows-x86_64 | 1.2.6 | 58.00 | 0.00 | 58.00 | OK | |
r-patched-linux-x86_64 | 1.2.6 | 18.23 | 239.52 | 257.75 | OK | |
r-release-linux-x86_64 | 1.2.6 | 11.11 | 245.11 | 256.22 | OK | |
r-release-macos-arm64 | 1.2.6 | 144.00 | NOTE | |||
r-release-macos-x86_64 | 1.2.6 | 248.00 | NOTE | |||
r-release-windows-x86_64 | 1.2.6 | 52.00 | 285.00 | 337.00 | OK | |
r-oldrel-macos-arm64 | 1.2.6 | 115.00 | NOTE | |||
r-oldrel-macos-x86_64 | 1.2.6 | 189.00 | NOTE | |||
r-oldrel-windows-ix86+x86_64 | 1.2.6 | 41.00 | 275.00 | 316.00 | OK |
Version: 1.2.6
Check: dependencies in R code
Result: NOTE
Namespace in Imports field not imported from: ‘sf’
All declared Imports should be used.
Flavors: r-devel-linux-x86_64-fedora-clang, r-devel-linux-x86_64-fedora-gcc, r-release-macos-arm64, r-release-macos-x86_64, r-oldrel-macos-arm64, r-oldrel-macos-x86_64