CRAN Package Check Results for Package lassoscore

Last updated on 2022-01-23 00:57:15 CET.

Flavor Version Tinstall Tcheck Ttotal Status Flags
r-devel-linux-x86_64-debian-clang 0.6 8.75 76.41 85.16 NOTE
r-devel-linux-x86_64-debian-gcc 0.6 6.72 59.08 65.80 NOTE
r-devel-linux-x86_64-fedora-clang 0.6 105.88 NOTE
r-devel-linux-x86_64-fedora-gcc 0.6 89.95 NOTE
r-devel-windows-x86_64-new-UL 0.6 36.00 93.00 129.00 NOTE
r-devel-windows-x86_64-new-TK 0.6 NOTE
r-patched-linux-x86_64 0.6 8.05 73.30 81.35 NOTE
r-release-linux-x86_64 0.6 5.46 72.83 78.29 NOTE
r-release-macos-arm64 0.6 NOTE
r-release-macos-x86_64 0.6 NOTE
r-release-windows-ix86+x86_64 0.6 17.00 86.00 103.00 NOTE
r-oldrel-macos-x86_64 0.6 NOTE
r-oldrel-windows-ix86+x86_64 0.6 18.00 91.00 109.00 NOTE

Check Details

Version: 0.6
Check: package dependencies
Result: NOTE
    Package suggested but not available for checking: 'covTest'
Flavors: r-devel-linux-x86_64-debian-clang, r-devel-linux-x86_64-debian-gcc, r-devel-linux-x86_64-fedora-clang, r-devel-linux-x86_64-fedora-gcc, r-devel-windows-x86_64-new-UL, r-devel-windows-x86_64-new-TK, r-patched-linux-x86_64, r-release-linux-x86_64, r-release-macos-arm64, r-release-macos-x86_64, r-release-windows-ix86+x86_64, r-oldrel-macos-x86_64, r-oldrel-windows-ix86+x86_64

Version: 0.6
Check: R code for possible problems
Result: NOTE
    glassoscore: no visible global function definition for 'var'
    glassoscore: no visible global function definition for 'pchisq'
    lassoscore: no visible global function definition for 'txtProgressBar'
    lassoscore: no visible global function definition for
     'setTxtProgressBar'
    lassoscore: no visible global function definition for 'pchisq'
    plot.glassoscore: no visible global function definition for 'legend'
    plot.lassoscore: no visible global function definition for 'legend'
    plot.mbscore: no visible global function definition for 'legend'
    qqpval: no visible global function definition for 'ppoints'
    qqpval: no visible global function definition for 'qbeta'
    qqpval: no visible global function definition for 'points'
    qqpval: no visible global function definition for 'abline'
    qqpval: no visible global function definition for 'polygon'
    Undefined global functions or variables:
     abline legend pchisq points polygon ppoints qbeta setTxtProgressBar
     txtProgressBar var
    Consider adding
     importFrom("graphics", "abline", "legend", "points", "polygon")
     importFrom("stats", "pchisq", "ppoints", "qbeta", "var")
     importFrom("utils", "setTxtProgressBar", "txtProgressBar")
    to your NAMESPACE file.
Flavors: r-devel-linux-x86_64-debian-clang, r-devel-linux-x86_64-debian-gcc, r-devel-linux-x86_64-fedora-clang, r-devel-linux-x86_64-fedora-gcc, r-devel-windows-x86_64-new-UL, r-devel-windows-x86_64-new-TK, r-patched-linux-x86_64, r-release-linux-x86_64, r-release-macos-arm64, r-release-macos-x86_64, r-release-windows-ix86+x86_64, r-oldrel-macos-x86_64, r-oldrel-windows-ix86+x86_64