CRAN Package Check Results for Package lares

Last updated on 2021-12-04 11:52:39 CET.

Flavor Version Tinstall Tcheck Ttotal Status Flags
r-devel-linux-x86_64-debian-clang 5.0.3 23.14 260.03 283.17 OK
r-devel-linux-x86_64-debian-gcc 5.0.3 19.94 198.44 218.38 OK
r-devel-linux-x86_64-fedora-clang 5.0.3 364.25 OK
r-devel-linux-x86_64-fedora-gcc 5.0.4 348.50 OK
r-devel-windows-x86_64-new-UL 5.0.3 54.00 417.00 471.00 OK
r-devel-windows-x86_64-new-TK 5.0.3 OK
r-devel-windows-x86_64-old 5.0.4 5.00 10.00 15.00 ERROR
r-patched-linux-x86_64 5.0.3 30.47 239.34 269.81 OK
r-release-linux-x86_64 5.0.3 22.99 240.74 263.73 OK
r-release-macos-arm64 5.0.3 WARN
r-release-macos-x86_64 5.0.3 OK
r-release-windows-ix86+x86_64 5.0.3 44.00 383.00 427.00 OK
r-oldrel-macos-x86_64 5.0.3 OK
r-oldrel-windows-ix86+x86_64 5.0.3 47.00 384.00 431.00 OK

Check Details

Version: 5.0.4
Check: whether package can be installed
Result: ERROR
    Installation failed.
Flavor: r-devel-windows-x86_64-old

Version: 5.0.3
Check: re-building of vignette outputs
Result: WARN
    Error(s) in re-building vignettes:
     ...
    --- re-building ‘h2o_automl.Rmd’ using rmarkdown
    openjdk version "11.0.12" 2021-07-20 LTS
    OpenJDK Runtime Environment Zulu11.50+19-CA (build 11.0.12+7-LTS)
    OpenJDK 64-Bit Server VM Zulu11.50+19-CA (build 11.0.12+7-LTS, mixed mode)
    Quitting from lines 100-101 (h2o_automl.Rmd)
    Error: processing vignette 'h2o_automl.Rmd' failed with diagnostics:
    NO MODELS TRAINED. Please set max_models to at least 1 and increase max_time
    --- failed re-building ‘h2o_automl.Rmd’
    
    SUMMARY: processing the following file failed:
     ‘h2o_automl.Rmd’
    
    Error: Vignette re-building failed.
    Execution halted
Flavor: r-release-macos-arm64