Last updated on 2022-05-28 14:53:44 CEST.
Flavor | Version | Tinstall | Tcheck | Ttotal | Status | Flags |
---|---|---|---|---|---|---|
r-devel-linux-x86_64-debian-clang | 1.1.2 | 88.98 | 208.67 | 297.65 | OK | |
r-devel-linux-x86_64-debian-gcc | 1.1.2 | 58.81 | 153.57 | 212.38 | OK | |
r-devel-linux-x86_64-fedora-clang | 1.1.2 | 365.79 | NOTE | |||
r-devel-linux-x86_64-fedora-gcc | 1.1.2 | 344.03 | OK | |||
r-devel-windows-x86_64 | 1.1.2 | 120.00 | 282.00 | 402.00 | NOTE | |
r-patched-linux-x86_64 | 1.1.2 | 59.51 | 191.66 | 251.17 | OK | |
r-release-linux-x86_64 | 1.1.2 | 53.21 | 196.50 | 249.71 | OK | |
r-release-macos-arm64 | 1.1.2 | 94.00 | NOTE | |||
r-release-macos-x86_64 | 1.1.2 | 196.00 | NOTE | |||
r-release-windows-x86_64 | 1.1.2 | 130.00 | 264.00 | 394.00 | NOTE | |
r-oldrel-macos-arm64 | 1.1.2 | 104.00 | NOTE | |||
r-oldrel-macos-x86_64 | 1.1.2 | 124.00 | NOTE | |||
r-oldrel-windows-ix86+x86_64 | 1.1.2 | 186.00 | 317.00 | 503.00 | NOTE |
Version: 1.1.2
Check: installed package size
Result: NOTE
installed size is 5.6Mb
sub-directories of 1Mb or more:
libs 1.6Mb
shiny-landsepi 1.3Mb
Flavors: r-devel-linux-x86_64-fedora-clang, r-devel-windows-x86_64, r-release-macos-arm64, r-release-macos-x86_64, r-release-windows-x86_64, r-oldrel-macos-arm64, r-oldrel-macos-x86_64, r-oldrel-windows-ix86+x86_64