CRAN Package Check Results for Package landsepi

Last updated on 2021-12-04 11:52:39 CET.

Flavor Version Tinstall Tcheck Ttotal Status Flags
r-devel-linux-x86_64-debian-clang 1.1.1 77.74 182.22 259.96 OK
r-devel-linux-x86_64-debian-gcc 1.1.1 58.52 136.85 195.37 OK
r-devel-linux-x86_64-fedora-clang 1.1.1 343.07 NOTE
r-devel-linux-x86_64-fedora-gcc 1.1.1 311.83 OK
r-devel-windows-x86_64-new-UL 1.1.1 114.00 294.00 408.00 NOTE
r-devel-windows-x86_64-new-TK 1.1.1 OK
r-devel-windows-x86_64-old 1.1.1 99.00 171.00 270.00 NOTE
r-patched-linux-x86_64 1.1.1 64.49 166.24 230.73 OK
r-release-linux-x86_64 1.1.1 65.30 166.08 231.38 OK
r-release-macos-arm64 1.1.1 NOTE
r-release-macos-x86_64 1.1.1 NOTE
r-release-windows-ix86+x86_64 1.1.1 180.00 302.00 482.00 NOTE
r-oldrel-macos-x86_64 1.1.1 NOTE
r-oldrel-windows-ix86+x86_64 1.1.1 179.00 293.00 472.00 NOTE

Check Details

Version: 1.1.1
Check: installed package size
Result: NOTE
     installed size is 6.2Mb
     sub-directories of 1Mb or more:
     libs 2.0Mb
     shiny-landsepi 1.3Mb
Flavors: r-devel-linux-x86_64-fedora-clang, r-devel-windows-x86_64-new-UL, r-devel-windows-x86_64-old, r-release-macos-arm64, r-release-macos-x86_64, r-release-windows-ix86+x86_64, r-oldrel-macos-x86_64, r-oldrel-windows-ix86+x86_64