CRAN Package Check Results for Package landmap

Last updated on 2021-12-04 11:52:39 CET.

Flavor Version Tinstall Tcheck Ttotal Status Flags
r-devel-linux-x86_64-debian-clang 0.0.13 24.48 245.78 270.26 OK
r-devel-linux-x86_64-debian-gcc 0.0.13 23.29 185.79 209.08 OK
r-devel-linux-x86_64-fedora-clang 0.0.13 331.51 NOTE
r-devel-linux-x86_64-fedora-gcc 0.0.13 319.02 NOTE
r-devel-windows-x86_64-new-UL 0.0.13 45.00 282.00 327.00 OK
r-devel-windows-x86_64-new-TK 0.0.13 NOTE
r-devel-windows-x86_64-old 0.0.13 44.00 202.00 246.00 OK
r-patched-linux-x86_64 0.0.13 28.51 230.32 258.83 OK
r-release-linux-x86_64 0.0.13 25.56 232.54 258.10 OK
r-release-macos-arm64 0.0.13 NOTE
r-release-macos-x86_64 0.0.13 NOTE
r-release-windows-ix86+x86_64 0.0.13 61.00 271.00 332.00 OK
r-oldrel-macos-x86_64 0.0.13 NOTE
r-oldrel-windows-ix86+x86_64 0.0.13 63.00 286.00 349.00 OK

Check Details

Version: 0.0.13
Check: dependencies in R code
Result: NOTE
    Namespaces in Imports field not imported from:
     ‘ParamHelpers’ ‘geoR’ ‘kernlab’ ‘maptools’ ‘nnet’ ‘rpart’ ‘spdep’
     ‘xgboost’
     All declared Imports should be used.
Flavors: r-devel-linux-x86_64-fedora-clang, r-devel-linux-x86_64-fedora-gcc, r-devel-windows-x86_64-new-TK, r-release-macos-arm64, r-release-macos-x86_64, r-oldrel-macos-x86_64

Version: 0.0.13
Check: data for non-ASCII characters
Result: NOTE
     Note: found 23 marked UTF-8 strings
Flavors: r-devel-linux-x86_64-fedora-clang, r-devel-linux-x86_64-fedora-gcc, r-devel-windows-x86_64-new-TK, r-release-macos-arm64, r-release-macos-x86_64, r-oldrel-macos-x86_64