CRAN Package Check Results for Package lamle

Last updated on 2024-06-24 17:57:59 CEST.

Flavor Version Tinstall Tcheck Ttotal Status Flags
r-devel-linux-x86_64-debian-clang 0.3.1 126.03 90.34 216.37 OK
r-devel-linux-x86_64-debian-gcc 0.3.1 73.45 62.32 135.77 OK
r-devel-linux-x86_64-fedora-clang 0.3.1 247.55 OK
r-devel-linux-x86_64-fedora-gcc 0.3.1 271.60 OK
r-devel-windows-x86_64 0.3.1 72.00 99.00 171.00 OK
r-patched-linux-x86_64 0.3.1 86.27 86.44 172.71 OK
r-release-linux-x86_64 0.3.1 95.67 84.80 180.47 OK
r-release-macos-arm64 0.3.1 62.00 NOTE
r-release-macos-x86_64 0.3.1 98.00 NOTE
r-release-windows-x86_64 0.3.1 74.00 97.00 171.00 OK
r-oldrel-macos-arm64 0.3.1 66.00 NOTE
r-oldrel-macos-x86_64 0.3.1 193.00 NOTE
r-oldrel-windows-x86_64 0.3.1 93.00 121.00 214.00 OK

Check Details

Version: 0.3.1
Check: installed package size
Result: NOTE installed size is 8.4Mb sub-directories of 1Mb or more: libs 8.2Mb Flavors: r-release-macos-arm64, r-release-macos-x86_64, r-oldrel-macos-arm64, r-oldrel-macos-x86_64