CRAN Package Check Results for Package lamW

Last updated on 2022-07-05 05:52:54 CEST.

Flavor Version Tinstall Tcheck Ttotal Status Flags
r-devel-linux-x86_64-debian-clang 2.1.1 22.38 28.77 51.15 NOTE
r-devel-linux-x86_64-debian-gcc 2.1.1 15.07 22.57 37.64 NOTE
r-devel-linux-x86_64-fedora-clang 2.1.1 75.66 NOTE
r-devel-linux-x86_64-fedora-gcc 2.1.1 68.48 NOTE
r-devel-windows-x86_64 2.1.1 24.00 72.00 96.00 NOTE
r-patched-linux-x86_64 2.1.1 16.31 28.48 44.79 NOTE
r-release-linux-x86_64 2.1.1 15.06 28.03 43.09 NOTE
r-release-macos-arm64 2.1.1 24.00 NOTE
r-release-macos-x86_64 2.1.1 34.00 NOTE
r-release-windows-x86_64 2.1.1 26.00 75.00 101.00 NOTE
r-oldrel-macos-arm64 2.1.1 22.00 NOTE
r-oldrel-macos-x86_64 2.1.1 34.00 NOTE
r-oldrel-windows-ix86+x86_64 2.1.1 52.00 73.00 125.00 NOTE

Check Details

Version: 2.1.1
Check: for GNU extensions in Makefiles
Result: NOTE
    GNU make is a SystemRequirements.
Flavors: r-devel-linux-x86_64-debian-clang, r-devel-linux-x86_64-debian-gcc, r-devel-linux-x86_64-fedora-clang, r-devel-linux-x86_64-fedora-gcc, r-devel-windows-x86_64, r-patched-linux-x86_64, r-release-linux-x86_64, r-release-macos-arm64, r-release-macos-x86_64, r-release-windows-x86_64, r-oldrel-macos-arm64, r-oldrel-macos-x86_64, r-oldrel-windows-ix86+x86_64

Version: 2.1.1
Check: Rd cross-references
Result: NOTE
    Undeclared package ‘gsl’ in Rd xrefs
Flavor: r-devel-linux-x86_64-fedora-clang