Last updated on 2023-02-09 03:56:14 CET.
Flavor | Version | Tinstall | Tcheck | Ttotal | Status | Flags |
---|---|---|---|---|---|---|
r-devel-linux-x86_64-debian-clang | 2.1.1 | 21.11 | 28.56 | 49.67 | NOTE | |
r-devel-linux-x86_64-debian-gcc | 2.1.1 | 14.27 | 22.84 | 37.11 | NOTE | |
r-devel-linux-x86_64-fedora-clang | 2.1.1 | 69.53 | NOTE | |||
r-devel-linux-x86_64-fedora-gcc | 2.1.1 | 63.07 | NOTE | |||
r-devel-windows-x86_64 | 2.1.1 | 30.00 | 77.00 | 107.00 | NOTE | |
r-patched-linux-x86_64 | 2.1.1 | 17.32 | 28.39 | 45.71 | NOTE | |
r-release-linux-x86_64 | 2.1.1 | 14.91 | 28.85 | 43.76 | NOTE | |
r-release-macos-arm64 | 2.1.1 | 24.00 | NOTE | |||
r-release-macos-x86_64 | 2.1.1 | 34.00 | NOTE | |||
r-release-windows-x86_64 | 2.1.1 | 31.00 | 82.00 | 113.00 | NOTE | |
r-oldrel-macos-arm64 | 2.1.1 | 22.00 | NOTE | |||
r-oldrel-macos-x86_64 | 2.1.1 | 34.00 | NOTE | |||
r-oldrel-windows-ix86+x86_64 | 2.1.1 | 51.00 | 78.00 | 129.00 | NOTE |
Version: 2.1.1
Check: C++ specification
Result: NOTE
Specified C++11: please update to current default of C++17
Flavor: r-devel-linux-x86_64-debian-clang
Version: 2.1.1
Check: for GNU extensions in Makefiles
Result: NOTE
GNU make is a SystemRequirements.
Flavors: r-devel-linux-x86_64-debian-clang, r-devel-linux-x86_64-debian-gcc, r-devel-linux-x86_64-fedora-clang, r-devel-linux-x86_64-fedora-gcc, r-devel-windows-x86_64, r-patched-linux-x86_64, r-release-linux-x86_64, r-release-macos-arm64, r-release-macos-x86_64, r-release-windows-x86_64, r-oldrel-macos-arm64, r-oldrel-macos-x86_64, r-oldrel-windows-ix86+x86_64
Version: 2.1.1
Check: C++ specification
Result: NOTE
Specified C++11: please drop specification unless essential
Flavors: r-devel-linux-x86_64-debian-gcc, r-devel-linux-x86_64-fedora-clang, r-devel-linux-x86_64-fedora-gcc, r-devel-windows-x86_64
Version: 2.1.1
Check: Rd cross-references
Result: NOTE
Undeclared package ‘gsl’ in Rd xrefs
Flavor: r-devel-linux-x86_64-fedora-clang