CRAN Package Check Results for Package lamW

Last updated on 2022-01-27 12:53:53 CET.

Flavor Version Tinstall Tcheck Ttotal Status Flags
r-devel-linux-x86_64-debian-clang 2.1.1 22.80 35.58 58.38 NOTE
r-devel-linux-x86_64-debian-gcc 2.1.1 13.64 28.51 42.15 NOTE
r-devel-linux-x86_64-fedora-clang 2.1.1 75.27 NOTE
r-devel-linux-x86_64-fedora-gcc 2.1.1 59.23 NOTE
r-devel-windows-x86_64-new-UL 2.1.1 30.00 77.00 107.00 NOTE
r-devel-windows-x86_64-new-TK 2.1.1 NOTE
r-patched-linux-x86_64 2.1.1 19.02 34.55 53.57 NOTE
r-release-linux-x86_64 2.1.1 19.01 34.18 53.19 NOTE
r-release-macos-arm64 2.1.0 NOTE
r-release-macos-x86_64 2.1.1 NOTE
r-release-windows-ix86+x86_64 2.1.1 51.00 67.00 118.00 NOTE
r-oldrel-macos-x86_64 2.1.1 NOTE
r-oldrel-windows-ix86+x86_64 2.1.1 52.00 68.00 120.00 NOTE

Check Details

Version: 2.1.1
Check: for GNU extensions in Makefiles
Result: NOTE
    GNU make is a SystemRequirements.
Flavors: r-devel-linux-x86_64-debian-clang, r-devel-linux-x86_64-debian-gcc, r-devel-linux-x86_64-fedora-clang, r-devel-linux-x86_64-fedora-gcc, r-devel-windows-x86_64-new-UL, r-devel-windows-x86_64-new-TK, r-patched-linux-x86_64, r-release-linux-x86_64, r-release-macos-x86_64, r-release-windows-ix86+x86_64, r-oldrel-macos-x86_64, r-oldrel-windows-ix86+x86_64

Version: 2.1.1
Check: Rd cross-references
Result: NOTE
    Undeclared package ‘gsl’ in Rd xrefs
Flavor: r-devel-linux-x86_64-fedora-clang

Version: 2.1.0
Check: for GNU extensions in Makefiles
Result: NOTE
    GNU make is a SystemRequirements.
Flavor: r-release-macos-arm64